{"id":78,"date":"2015-01-27T12:37:09","date_gmt":"2015-01-27T12:37:09","guid":{"rendered":"https:\/\/www.jfs.de\/?page_id=78"},"modified":"2018-03-26T11:09:59","modified_gmt":"2018-03-26T11:09:59","slug":"qualitaetsmanagement","status":"publish","type":"page","link":"https:\/\/www.jfs.de\/?page_id=78","title":{"rendered":"Qualit\u00e4tsmanagement"},"content":{"rendered":"<p><span style=\"font-family: Verdana, Arial, Helvetica, sans-serif; font-size: small;\"><a href=\"https:\/\/www.jfs.de\/wp-content\/uploads\/2015\/01\/oes-logo-k.jpg\"><img loading=\"lazy\" decoding=\"async\" class=\"alignleft size-medium wp-image-80\" src=\"https:\/\/www.jfs.de\/wp-content\/uploads\/2015\/01\/oes-logo-k-300x69.jpg\" alt=\"oes-logo-k\" width=\"300\" height=\"69\" srcset=\"https:\/\/www.jfs.de\/wp-content\/uploads\/2015\/01\/oes-logo-k-300x69.jpg 300w, https:\/\/www.jfs.de\/wp-content\/uploads\/2015\/01\/oes-logo-k.jpg 350w\" sizes=\"auto, (max-width: 300px) 100vw, 300px\" \/><\/a>An unserer Schule wird QUALIT\u00c4T gro\u00df geschrieben. Und daher sind wir auch mit gro\u00dfem Elan bei der Umsetzung des Konzeptes &#8222;Operativ Eigenst\u00e4ndige Schule&#8220; dabei.<br \/>\nDieses Konzept zielt auf eine St\u00e4rkung der p\u00e4dagogischen und fachlichen Erstverantwortung der beruflichen Schulen. Im Mittelpunkt steht die Sicherung und Entwicklung der Unterrichts- und Schulqualit\u00e4t durch Aufbau eines systematischen Qualit\u00e4tsmanagements.\u00a0<\/span><\/p>\n<p>N\u00e4here Informationen zu dem Konzept finden Sie hier:<br \/>\n<a title=\"Konzept OES\" href=\"http:\/\/www.schule-bw.de\/themen-und-impulse\/oes\" target=\"_blank\" rel=\"noopener noreferrer\">Das Konzept OES &#8211; Qualit\u00e4tsentwicklung an beruflichen Schulen in Baden-W\u00fcrttemberg<\/a><\/p>\n<p>&nbsp;<\/p>\n","protected":false},"excerpt":{"rendered":"<p>An unserer Schule wird QUALIT\u00c4T gro\u00df geschrieben. Und daher sind wir auch mit gro\u00dfem Elan bei der Umsetzung des Konzeptes &#8222;Operativ Eigenst\u00e4ndige Schule&#8220; dabei. Dieses Konzept zielt auf eine St\u00e4rkung der p\u00e4dagogischen und fachlichen Erstverantwortung der beruflichen Schulen. Im Mittelpunkt <a class=\"more-link\" href=\"https:\/\/www.jfs.de\/?page_id=78\"><span class=\"screen-reader-text\">  Qualit\u00e4tsmanagement<\/span> weiterlesen<span class=\"meta-nav\">&rarr;<\/span><\/a><\/p>\n","protected":false},"author":1,"featured_media":0,"parent":5,"menu_order":0,"comment_status":"closed","ping_status":"closed","template":"","meta":{"footnotes":""},"class_list":["post-78","page","type-page","status-publish","hentry"],"_links":{"self":[{"href":"https:\/\/www.jfs.de\/index.php?rest_route=\/wp\/v2\/pages\/78","targetHints":{"allow":["GET"]}}],"collection":[{"href":"https:\/\/www.jfs.de\/index.php?rest_route=\/wp\/v2\/pages"}],"about":[{"href":"https:\/\/www.jfs.de\/index.php?rest_route=\/wp\/v2\/types\/page"}],"author":[{"embeddable":true,"href":"https:\/\/www.jfs.de\/index.php?rest_route=\/wp\/v2\/users\/1"}],"replies":[{"embeddable":true,"href":"https:\/\/www.jfs.de\/index.php?rest_route=%2Fwp%2Fv2%2Fcomments&post=78"}],"version-history":[{"count":5,"href":"https:\/\/www.jfs.de\/index.php?rest_route=\/wp\/v2\/pages\/78\/revisions"}],"predecessor-version":[{"id":1789,"href":"https:\/\/www.jfs.de\/index.php?rest_route=\/wp\/v2\/pages\/78\/revisions\/1789"}],"up":[{"embeddable":true,"href":"https:\/\/www.jfs.de\/index.php?rest_route=\/wp\/v2\/pages\/5"}],"wp:attachment":[{"href":"https:\/\/www.jfs.de\/index.php?rest_route=%2Fwp%2Fv2%2Fmedia&parent=78"}],"curies":[{"name":"wp","href":"https:\/\/api.w.org\/{rel}","templated":true}]}}

Qualitätsmanagement

<p><span style="font-family: Verdana, Arial, Helvetica, sans-serif; font-size: small;"><a href="https://www.jfs.de/wp-content/uploads/2015/01/oes-logo-k.jpg"><img loading="lazy" decoding="async" class="alignleft size-medium wp-image-80" src="https://www.jfs.de/wp-content/uploads/2015/01/oes-logo-k-300x69.jpg" alt="oes-logo-k" width="300" height="69" srcset="https://www.jfs.de/wp-content/uploads/2015/01/oes-logo-k-300x69.jpg 300w, https://www.jfs.de/wp-content/uploads/2015/01/oes-logo-k.jpg 350w" sizes="auto, (max-width: 300px) 100vw, 300px" /></a>An unserer Schule wird QUALITÄT groß geschrieben. Und daher sind wir auch mit großem Elan bei der Umsetzung des Konzeptes &#8222;Operativ Eigenständige Schule&#8220; dabei.<br />
Dieses Konzept zielt auf eine Stärkung der pädagogischen und fachlichen Erstverantwortung der beruflichen Schulen. Im Mittelpunkt steht die Sicherung und Entwicklung der Unterrichts- und Schulqualität durch Aufbau eines systematischen Qualitätsmanagements. </span></p>
<p>Nähere Informationen zu dem Konzept finden Sie hier:<br />
<a title="Konzept OES" href="http://www.schule-bw.de/themen-und-impulse/oes" target="_blank" rel="noopener noreferrer">Das Konzept OES &#8211; Qualitätsentwicklung an beruflichen Schulen in Baden-Württemberg</a></p>
<p>&nbsp;</p>

<p>An unserer Schule wird QUALITÄT groß geschrieben. Und daher sind wir auch mit großem Elan bei der Umsetzung des Konzeptes &#8222;Operativ Eigenständige Schule&#8220; dabei. Dieses Konzept zielt auf eine Stärkung der pädagogischen und fachlichen Erstverantwortung der beruflichen Schulen. Im Mittelpunkt <a class="more-link" href="https://www.jfs.de/?page_id=78"><span class="screen-reader-text">  Qualitätsmanagement</span> weiterlesen<span class="meta-nav">&rarr;</span></a></p>
