{"id":688,"date":"2015-03-19T11:11:19","date_gmt":"2015-03-19T11:11:19","guid":{"rendered":"https:\/\/www.jfs.de\/?page_id=688"},"modified":"2015-03-19T11:11:19","modified_gmt":"2015-03-19T11:11:19","slug":"profil-internationale-wirtschaft","status":"publish","type":"page","link":"https:\/\/www.jfs.de\/?page_id=688","title":{"rendered":"Profil &#8211; Internationale Wirtschaft"},"content":{"rendered":"<p><img loading=\"lazy\" decoding=\"async\" class=\"alignleft size-full wp-image-686\" src=\"https:\/\/www.jfs.de\/wp-content\/uploads\/2015\/03\/International_WG.jpg\" alt=\"International_WG\" width=\"513\" height=\"200\" srcset=\"https:\/\/www.jfs.de\/wp-content\/uploads\/2015\/03\/International_WG.jpg 513w, https:\/\/www.jfs.de\/wp-content\/uploads\/2015\/03\/International_WG-300x117.jpg 300w\" sizes=\"auto, (max-width: 513px) 100vw, 513px\" \/>Globalisierung bei Konzernen, im Mittelstand und im pers\u00f6nlichen Umfeld, die Welt\u00f6konomie wird immer internationaler. Genau auf diese Entwicklung bereitet das Profil \u201eInternationale Wirtschaft\u201c im Wirtschaftsgymnasium (WG) die Sch\u00fclerinnen und Sch\u00fcler vor.<\/p>\n<p>Dabei werden internationale wirtschaftswissenschaftliche und kulturelle Zusammenh\u00e4nge vertieft behandelt. Neben dieser fachlichen Schwerpunktsetzung werden ca. ein Drittel der Inhalte im Fach Volks- und Betriebswirtschaftslehre auf Englisch (bilingual) unterrichtet. Dabei steht nicht die sprachliche Richtigkeit im Vordergrund, sondern die englische Sprache als internationales Werkzeug, an das sich die Sch\u00fclerinnen und Sch\u00fcler schon fr\u00fch gew\u00f6hnen. Zus\u00e4tzlich wird immer wieder die Praxis einbezogen, z.B. durch Betriebsbesichtigungen und das Einladen von Expertinnen und Experten.<\/p>\n<p>Diese F\u00e4higkeiten erleichtern ein sp\u00e4teres Studium im Ausland und bringen Vorteile bei der Bewerbung in Unternehmen mit internationalen Gesch\u00e4ftsbeziehungen.<\/p>\n<p>Die Sch\u00fclerinnen und Sch\u00fcler erhalten die Allgemeine Hochschulreife und zus\u00e4tzlich das Internationale Abitur Baden-W\u00fcrttemberg, Richtung Wirtschaft.<\/p>\n","protected":false},"excerpt":{"rendered":"<p>Globalisierung bei Konzernen, im Mittelstand und im pers\u00f6nlichen Umfeld, die Welt\u00f6konomie wird immer internationaler. Genau auf diese Entwicklung bereitet das Profil \u201eInternationale Wirtschaft\u201c im Wirtschaftsgymnasium (WG) die Sch\u00fclerinnen und Sch\u00fcler vor. Dabei werden internationale wirtschaftswissenschaftliche und kulturelle Zusammenh\u00e4nge vertieft behandelt. <a class=\"more-link\" href=\"https:\/\/www.jfs.de\/?page_id=688\"><span class=\"screen-reader-text\">  Profil &#8211; Internationale Wirtschaft<\/span> weiterlesen<span class=\"meta-nav\">&rarr;<\/span><\/a><\/p>\n","protected":false},"author":1,"featured_media":0,"parent":211,"menu_order":0,"comment_status":"closed","ping_status":"closed","template":"","meta":{"footnotes":""},"class_list":["post-688","page","type-page","status-publish","hentry"],"_links":{"self":[{"href":"https:\/\/www.jfs.de\/index.php?rest_route=\/wp\/v2\/pages\/688","targetHints":{"allow":["GET"]}}],"collection":[{"href":"https:\/\/www.jfs.de\/index.php?rest_route=\/wp\/v2\/pages"}],"about":[{"href":"https:\/\/www.jfs.de\/index.php?rest_route=\/wp\/v2\/types\/page"}],"author":[{"embeddable":true,"href":"https:\/\/www.jfs.de\/index.php?rest_route=\/wp\/v2\/users\/1"}],"replies":[{"embeddable":true,"href":"https:\/\/www.jfs.de\/index.php?rest_route=%2Fwp%2Fv2%2Fcomments&post=688"}],"version-history":[{"count":1,"href":"https:\/\/www.jfs.de\/index.php?rest_route=\/wp\/v2\/pages\/688\/revisions"}],"predecessor-version":[{"id":689,"href":"https:\/\/www.jfs.de\/index.php?rest_route=\/wp\/v2\/pages\/688\/revisions\/689"}],"up":[{"embeddable":true,"href":"https:\/\/www.jfs.de\/index.php?rest_route=\/wp\/v2\/pages\/211"}],"wp:attachment":[{"href":"https:\/\/www.jfs.de\/index.php?rest_route=%2Fwp%2Fv2%2Fmedia&parent=688"}],"curies":[{"name":"wp","href":"https:\/\/api.w.org\/{rel}","templated":true}]}}