{"id":635,"date":"2015-02-05T14:51:17","date_gmt":"2015-02-05T14:51:17","guid":{"rendered":"https:\/\/www.jfs.de\/?page_id=635"},"modified":"2018-07-09T16:03:00","modified_gmt":"2018-07-09T16:03:00","slug":"wirtschaftsinformatik","status":"publish","type":"page","link":"https:\/\/www.jfs.de\/?page_id=635","title":{"rendered":"Wirtschaftsinformatik"},"content":{"rendered":"<p><img loading=\"lazy\" decoding=\"async\" class=\"alignleft size-medium wp-image-636\" src=\"https:\/\/www.jfs.de\/wp-content\/uploads\/2015\/02\/wirtschaftsinformatik-k-300x215.jpg\" alt=\"wirtschaftsinformatik-k\" width=\"300\" height=\"215\" \/>Im Fach Wirtschaftsinformatik im Wirtschaftsgymnasium werden die Sch\u00fclerinnen und Sch\u00fcler auf die Anforderungen im Bereich der kaufm\u00e4nnisch orientierten Informationsverarbeitung vorbereitet. Es richtet sich daher in erster Linie an Sch\u00fclerinnen und Sch\u00fcler die gerne am\u00a0PC arbeiten.<\/p>\n<p>Der Schwerpunkt des Faches liegt in der Entwicklung und Nutzung von Datenbanken sowie der objektorientierten Programmierung. Dabei wird den Sch\u00fclerinnen und Sch\u00fclern strukturiertes Probleml\u00f6sen und selbst\u00e4ndiges Arbeiten beigebracht. Das Fach erg\u00e4nzt das 2-st\u00fcndige Pflichtfach Informatik um zwei weitere Stunden \u00fcber alle drei Jahre des Wirtschaftsgymnasiums. Es kann als m\u00fcndliches Pr\u00fcfungsfach im Abitur belegt werden.<\/p>\n","protected":false},"excerpt":{"rendered":"<p>Im Fach Wirtschaftsinformatik im Wirtschaftsgymnasium werden die Sch\u00fclerinnen und Sch\u00fcler auf die Anforderungen im Bereich der kaufm\u00e4nnisch orientierten Informationsverarbeitung vorbereitet. Es richtet sich daher in erster Linie an Sch\u00fclerinnen und Sch\u00fcler die gerne am\u00a0PC arbeiten. Der Schwerpunkt des Faches liegt <a class=\"more-link\" href=\"https:\/\/www.jfs.de\/?page_id=635\"><span class=\"screen-reader-text\">  Wirtschaftsinformatik<\/span> weiterlesen<span class=\"meta-nav\">&rarr;<\/span><\/a><\/p>\n","protected":false},"author":1,"featured_media":0,"parent":211,"menu_order":0,"comment_status":"closed","ping_status":"closed","template":"","meta":{"footnotes":""},"class_list":["post-635","page","type-page","status-publish","hentry"],"_links":{"self":[{"href":"https:\/\/www.jfs.de\/index.php?rest_route=\/wp\/v2\/pages\/635","targetHints":{"allow":["GET"]}}],"collection":[{"href":"https:\/\/www.jfs.de\/index.php?rest_route=\/wp\/v2\/pages"}],"about":[{"href":"https:\/\/www.jfs.de\/index.php?rest_route=\/wp\/v2\/types\/page"}],"author":[{"embeddable":true,"href":"https:\/\/www.jfs.de\/index.php?rest_route=\/wp\/v2\/users\/1"}],"replies":[{"embeddable":true,"href":"https:\/\/www.jfs.de\/index.php?rest_route=%2Fwp%2Fv2%2Fcomments&post=635"}],"version-history":[{"count":3,"href":"https:\/\/www.jfs.de\/index.php?rest_route=\/wp\/v2\/pages\/635\/revisions"}],"predecessor-version":[{"id":1961,"href":"https:\/\/www.jfs.de\/index.php?rest_route=\/wp\/v2\/pages\/635\/revisions\/1961"}],"up":[{"embeddable":true,"href":"https:\/\/www.jfs.de\/index.php?rest_route=\/wp\/v2\/pages\/211"}],"wp:attachment":[{"href":"https:\/\/www.jfs.de\/index.php?rest_route=%2Fwp%2Fv2%2Fmedia&parent=635"}],"curies":[{"name":"wp","href":"https:\/\/api.w.org\/{rel}","templated":true}]}}