{"id":61,"date":"2015-01-26T19:36:22","date_gmt":"2015-01-26T19:36:22","guid":{"rendered":"https:\/\/www.jfs.de\/?page_id=61"},"modified":"2018-04-18T11:56:52","modified_gmt":"2018-04-18T11:56:52","slug":"schule-fuer-interessierte","status":"publish","type":"page","link":"https:\/\/www.jfs.de\/?page_id=61","title":{"rendered":"Schule f\u00fcr Interessierte"},"content":{"rendered":"<p>Sie sind\u00a0eine\u00a0Sch\u00fclerin oder ein Sch\u00fcler und \u00fcberlegen an\u00a0eine berufliche Schule zu gehen?<\/p>\n<p>Sie sind ein Elternteil, eine\u00a0Ausbilderin oder ein Ausbilder eines Betriebs und haben Interesse an unserer Schule?<\/p>\n<p>Sie m\u00f6chten in den Lehrerberuf einsteigen, m\u00f6chten als Praktikantin oder Praktikant, als Referendarin oder Referendar oder als Lehrkraft an unsere Schule kommen?<\/p>\n<p><a href=\"https:\/\/www.jfs.de\/wp-content\/uploads\/2018\/04\/jfs18_aussen.jpg\"><img loading=\"lazy\" decoding=\"async\" class=\"alignleft size-medium wp-image-1801\" src=\"https:\/\/www.jfs.de\/wp-content\/uploads\/2018\/04\/jfs18_aussen-300x192.jpg\" alt=\"\" width=\"300\" height=\"192\" srcset=\"https:\/\/www.jfs.de\/wp-content\/uploads\/2018\/04\/jfs18_aussen-300x192.jpg 300w, https:\/\/www.jfs.de\/wp-content\/uploads\/2018\/04\/jfs18_aussen-768x491.jpg 768w, https:\/\/www.jfs.de\/wp-content\/uploads\/2018\/04\/jfs18_aussen.jpg 1024w\" sizes=\"auto, (max-width: 300px) 100vw, 300px\" \/><\/a><\/p>\n<p>Dann sind Sie hier genau richtig!<\/p>\n<p>&nbsp;<\/p>\n","protected":false},"excerpt":{"rendered":"<p>Sie sind\u00a0eine\u00a0Sch\u00fclerin oder ein Sch\u00fcler und \u00fcberlegen an\u00a0eine berufliche Schule zu gehen? Sie sind ein Elternteil, eine\u00a0Ausbilderin oder ein Ausbilder eines Betriebs und haben Interesse an unserer Schule? Sie m\u00f6chten in den Lehrerberuf einsteigen, m\u00f6chten als Praktikantin oder Praktikant, als <a class=\"more-link\" href=\"https:\/\/www.jfs.de\/?page_id=61\"><span class=\"screen-reader-text\">  Schule f\u00fcr Interessierte<\/span> weiterlesen<span class=\"meta-nav\">&rarr;<\/span><\/a><\/p>\n","protected":false},"author":1,"featured_media":0,"parent":0,"menu_order":0,"comment_status":"closed","ping_status":"closed","template":"","meta":{"footnotes":""},"class_list":["post-61","page","type-page","status-publish","hentry"],"_links":{"self":[{"href":"https:\/\/www.jfs.de\/index.php?rest_route=\/wp\/v2\/pages\/61","targetHints":{"allow":["GET"]}}],"collection":[{"href":"https:\/\/www.jfs.de\/index.php?rest_route=\/wp\/v2\/pages"}],"about":[{"href":"https:\/\/www.jfs.de\/index.php?rest_route=\/wp\/v2\/types\/page"}],"author":[{"embeddable":true,"href":"https:\/\/www.jfs.de\/index.php?rest_route=\/wp\/v2\/users\/1"}],"replies":[{"embeddable":true,"href":"https:\/\/www.jfs.de\/index.php?rest_route=%2Fwp%2Fv2%2Fcomments&post=61"}],"version-history":[{"count":2,"href":"https:\/\/www.jfs.de\/index.php?rest_route=\/wp\/v2\/pages\/61\/revisions"}],"predecessor-version":[{"id":1803,"href":"https:\/\/www.jfs.de\/index.php?rest_route=\/wp\/v2\/pages\/61\/revisions\/1803"}],"wp:attachment":[{"href":"https:\/\/www.jfs.de\/index.php?rest_route=%2Fwp%2Fv2%2Fmedia&parent=61"}],"curies":[{"name":"wp","href":"https:\/\/api.w.org\/{rel}","templated":true}]}}