{"id":5,"date":"2015-01-26T18:53:30","date_gmt":"2015-01-26T18:53:30","guid":{"rendered":"https:\/\/www.jfs.de\/?page_id=5"},"modified":"2015-01-26T19:22:00","modified_gmt":"2015-01-26T19:22:00","slug":"schulorganisation","status":"publish","type":"page","link":"https:\/\/www.jfs.de\/?page_id=5","title":{"rendered":"Schule als Organisation"},"content":{"rendered":"<p>Unsere\u00a0Schule ist eine Organisation, die aus einer Vielzahl von Menschen besteht, die in unterschiedlichen Rollen darauf ausgerichtet ist, einen reibungslosen Ablauf des Schulbetriebs zu gew\u00e4hrleisten, um Sch\u00fclerinnen und Sch\u00fcler bestm\u00f6glichst auf das Arbeitsleben vorzubereiten.<a href=\"https:\/\/www.jfs.de\/wp-content\/uploads\/2015\/01\/schule_aussen_3.jpg\"><img loading=\"lazy\" decoding=\"async\" class=\"alignleft size-medium wp-image-51\" src=\"https:\/\/www.jfs.de\/wp-content\/uploads\/2015\/01\/schule_aussen_3-300x225.jpg\" alt=\"schule_aussen_3\" width=\"300\" height=\"225\" srcset=\"https:\/\/www.jfs.de\/wp-content\/uploads\/2015\/01\/schule_aussen_3-300x225.jpg 300w, https:\/\/www.jfs.de\/wp-content\/uploads\/2015\/01\/schule_aussen_3-1024x768.jpg 1024w\" sizes=\"auto, (max-width: 300px) 100vw, 300px\" \/><\/a><\/p>\n<p>In dieser Kategorie finden Sie in erster Linie Informationen \u00fcber die Aufbauorganisation unserer Schule aber auch z.B. \u00fcber das Qualit\u00e4tsmanagement.<\/p>\n<p>&nbsp;<\/p>\n","protected":false},"excerpt":{"rendered":"<p>Unsere\u00a0Schule ist eine Organisation, die aus einer Vielzahl von Menschen besteht, die in unterschiedlichen Rollen darauf ausgerichtet ist, einen reibungslosen Ablauf des Schulbetriebs zu gew\u00e4hrleisten, um Sch\u00fclerinnen und Sch\u00fcler bestm\u00f6glichst auf das Arbeitsleben vorzubereiten. In dieser Kategorie finden Sie in <a class=\"more-link\" href=\"https:\/\/www.jfs.de\/?page_id=5\"><span class=\"screen-reader-text\">  Schule als Organisation<\/span> weiterlesen<span class=\"meta-nav\">&rarr;<\/span><\/a><\/p>\n","protected":false},"author":1,"featured_media":0,"parent":0,"menu_order":0,"comment_status":"closed","ping_status":"closed","template":"","meta":{"footnotes":""},"class_list":["post-5","page","type-page","status-publish","hentry"],"_links":{"self":[{"href":"https:\/\/www.jfs.de\/index.php?rest_route=\/wp\/v2\/pages\/5","targetHints":{"allow":["GET"]}}],"collection":[{"href":"https:\/\/www.jfs.de\/index.php?rest_route=\/wp\/v2\/pages"}],"about":[{"href":"https:\/\/www.jfs.de\/index.php?rest_route=\/wp\/v2\/types\/page"}],"author":[{"embeddable":true,"href":"https:\/\/www.jfs.de\/index.php?rest_route=\/wp\/v2\/users\/1"}],"replies":[{"embeddable":true,"href":"https:\/\/www.jfs.de\/index.php?rest_route=%2Fwp%2Fv2%2Fcomments&post=5"}],"version-history":[{"count":3,"href":"https:\/\/www.jfs.de\/index.php?rest_route=\/wp\/v2\/pages\/5\/revisions"}],"predecessor-version":[{"id":60,"href":"https:\/\/www.jfs.de\/index.php?rest_route=\/wp\/v2\/pages\/5\/revisions\/60"}],"wp:attachment":[{"href":"https:\/\/www.jfs.de\/index.php?rest_route=%2Fwp%2Fv2%2Fmedia&parent=5"}],"curies":[{"name":"wp","href":"https:\/\/api.w.org\/{rel}","templated":true}]}}