{"id":3332,"date":"2021-02-08T07:57:38","date_gmt":"2021-02-08T07:57:38","guid":{"rendered":"https:\/\/www.jfs.de\/?page_id=3332"},"modified":"2021-02-09T07:16:36","modified_gmt":"2021-02-09T07:16:36","slug":"elternsprechtag-2021","status":"publish","type":"page","link":"https:\/\/www.jfs.de\/?page_id=3332","title":{"rendered":"Elternsprechtag 2021"},"content":{"rendered":"\n<p>die Eltern sowie die Ausbildenden der Betriebe haben die Gelegenheit, sich anl\u00e4sslich des Elternsprechtages<\/p>\n\n\n\n<p><strong>am Dienstag, 23. Februar 2021 von 16:30 \u2013 19:00 Uhr<\/strong><\/p>\n\n\n\n<p>\u00fcber die Leistungen ihrer Tochter\/ ihres Sohnes bzw. ihrer Auszubildenden online zu informieren.<\/p>\n\n\n\n<p>Die Gespr\u00e4che finden \u00fcber das Videokonferenz-Programm BigBlueButton (BBB) statt. Hierf\u00fcr muss nichts installiert werden. \u00dcber den Link zu den virtuellen R\u00e4umen (siehe unten) gelangt man \u00fcber den Browser direkt zu der entsprechenden Seite. Der Zugriff auf die Kamera und das Mikrofon sollte  freigeben werden, um in direkten Kontakt zu den Lehrkr\u00e4ften zu kommen. <\/p>\n\n\n\n<p>\u00dcber die Internetseite <a rel=\"noreferrer noopener\" href=\"http:\/\/www.elternsprechtag-online.com\/JFS\" target=\"_blank\"><strong>www.elternsprechtag-online.com\/JFS<\/strong><\/a> k\u00f6nnen Sie <strong>Termine f\u00fcr den Elternsprechtag reservieren<\/strong>. Hierf\u00fcr ben\u00f6tigen Sie den Vor- und Nachnamen, sowie das Geburtsdatum Ihres Kindes. Beachten Sie, dass die Lehrkr\u00e4fte an diesem Elternsprechtag nur f\u00fcr Gespr\u00e4che zur Verf\u00fcgung stehen, f\u00fcr die <strong>bis zum 23.02. um 15:00 Uhr<\/strong> ein Termin elektronisch eingetragen wurde.<\/p>\n\n\n\n<p>Eine <a rel=\"noreferrer noopener\" href=\"https:\/\/www.jfs.de\/wp-content\/uploads\/2021\/02\/Anleitung_Elternsprechtag_2021.pdf\" target=\"_blank\">ausf\u00fchrliche Anleitung<\/a> \u00fcber die Reservierung von Terminen sowie die Verwendung von BigBlueButton finden Sie <a rel=\"noreferrer noopener\" href=\"https:\/\/www.jfs.de\/wp-content\/uploads\/2021\/02\/Anleitung_Elternsprechtag_2021.pdf\" target=\"_blank\"><strong>hier<\/strong><\/a>.<\/p>\n\n\n\n<p>Bei den Gespr\u00e4chen zwischen Lehrkr\u00e4ften und Eltern wird von einer zeitlichen Dauer von maximal 10 Minuten ausgegangen. Falls eine l\u00e4nger dauernde Unterhaltung erforderlich ist, sollte ein gesonderter Termin vereinbart werden. An den Gespr\u00e4chen kann auch der Sohn\/ die Tochter bzw. die Auszubildenden teilnehmen. <\/p>\n\n\n\n<p>Bei Lernschwierigkeiten und Schulleistungsproblemen sowie bei Fragen zur Schullaufbahn oder Vorbereitung auf ein Studium steht auch die Beratungslehrerin Frau Waller beratend und unterst\u00fctzend zur Verf\u00fcgung. Au\u00dferdem kann auch bei dem Schulsozialarbeiter Herr Thrun ein Termin vereinbart werden, der insbesondere Hilfen bei der Berufswahl oder bei einem drohenden Schulabbruch anbietet.<\/p>\n\n\n\n<p>Hier geht es zu den Online-R\u00e4umen. Diese sind erst am 23.02.2021 ab 16:30 Uhr freigeschaltet. Beachten Sie bitte auch die <a rel=\"noreferrer noopener\" href=\"https:\/\/www.jfs.de\/wp-content\/uploads\/2021\/02\/Anleitung_Elternsprechtag_2021.pdf\" target=\"_blank\"><strong>Anleitung<\/strong><\/a>. <\/p>\n\n\n\n<figure class=\"wp-block-table\"><table><tbody><tr><td><strong>Lehrkraft<\/strong><\/td><td><strong>BBB-Link<\/strong><\/td><\/tr><tr><td>Frau Aberle<\/td><td><a href=\"https:\/\/bbb.jfs.de\/b\/gis-snc-0fe-7zm\">https:\/\/bbb.jfs.de\/b\/gis-snc-0fe-7zm<\/a><\/td><\/tr><tr><td>Frau Albrecht<\/td><td><a href=\"https:\/\/bbb.jfs.de\/b\/ram-3dt-u1g-9jy\">https:\/\/bbb.jfs.de\/b\/ram-3dt-u1g-9jy<\/a><\/td><\/tr><tr><td>Herr Albrecht<\/td><td><a href=\"https:\/\/bbb.jfs.de\/b\/chr-zdi-jha-coc\">https:\/\/bbb.jfs.de\/b\/chr-zdi-jha-coc<\/a><\/td><\/tr><tr><td>Herr Baaken<\/td><td><a href=\"https:\/\/bbb.jfs.de\/b\/joh-ulz-zfc-suk\">https:\/\/bbb.jfs.de\/b\/joh-ulz-zfc-suk<\/a><\/td><\/tr><tr><td>Frau Barei\u00df<\/td><td><a href=\"https:\/\/bbb.jfs.de\/b\/sus-gum-h2m-jft\">https:\/\/bbb.jfs.de\/b\/sus-gum-h2m-jft<\/a><\/td><\/tr><tr><td>Herr Barth<\/td><td><a href=\"https:\/\/bbb.jfs.de\/b\/mic-tx2-gqc-yla\">https:\/\/bbb.jfs.de\/b\/mic-tx2-gqc-yla<\/a><\/td><\/tr><tr><td>Frau Blocher<\/td><td><a href=\"https:\/\/bbb.jfs.de\/b\/kat-c5s-br1-uje\">https:\/\/bbb.jfs.de\/b\/kat-c5s-br1-uje<\/a><\/td><\/tr><tr><td>Frau Bochterle<\/td><td><a href=\"https:\/\/bbb.jfs.de\/b\/bir-vtv-1f0-t5g\">https:\/\/bbb.jfs.de\/b\/bir-vtv-1f0-t5g&nbsp;<\/a><\/td><\/tr><tr><td>Frau B\u00f6lderl<\/td><td><a href=\"https:\/\/bbb.jfs.de\/b\/hei-hgv-j1u-gww\">https:\/\/bbb.jfs.de\/b\/hei-hgv-j1u-gww<\/a><\/td><\/tr><tr><td>Frau Brendel<\/td><td><a href=\"https:\/\/bbb.jfs.de\/b\/sus-w9p-isx-i01\">https:\/\/bbb.jfs.de\/b\/sus-w9p-isx-i01<\/a><\/td><\/tr><tr><td>Frau Capitan<\/td><td><a href=\"https:\/\/bbb.jfs.de\/b\/mar-x6q-mzg-gra\">https:\/\/bbb.jfs.de\/b\/mar-x6q-mzg-gra<\/a><\/td><\/tr><tr><td>Frau Class<\/td><td><a href=\"https:\/\/bbb.jfs.de\/b\/elk-jdu-usw-ryv\">https:\/\/bbb.jfs.de\/b\/elk-jdu-usw-ryv<\/a><\/td><\/tr><tr><td>Frau Eckstein<\/td><td><a href=\"https:\/\/bbb.jfs.de\/b\/chr-s2y-t8t-o3b\">https:\/\/bbb.jfs.de\/b\/chr-s2y-t8t-o3b<\/a><\/td><\/tr><tr><td>Frau Gaier<\/td><td><a href=\"https:\/\/bbb.jfs.de\/b\/rut-unq-f8q-k2e\">https:\/\/bbb.jfs.de\/b\/rut-unq-f8q-k2e<\/a><\/td><\/tr><tr><td>Herr Gekeler<\/td><td><a href=\"https:\/\/bbb.jfs.de\/b\/ste-lh6-ugn-at5\">https:\/\/bbb.jfs.de\/b\/ste-lh6-ugn-at5<\/a><\/td><\/tr><tr><td>Frau Georg<\/td><td><a href=\"https:\/\/bbb.jfs.de\/b\/kat-lhc-iq8-gu7\">https:\/\/bbb.jfs.de\/b\/kat-lhc-iq8-gu7<\/a><\/td><\/tr><tr><td>Frau Gleich<\/td><td><a href=\"https:\/\/bbb.jfs.de\/b\/ann-yao-xlg-ber\">https:\/\/bbb.jfs.de\/b\/ann-yao-xlg-ber<\/a><\/td><\/tr><tr><td>Frau G\u00fcnther<\/td><td><a href=\"https:\/\/bbb.jfs.de\/b\/ani-a9w-et4-k3w\">https:\/\/bbb.jfs.de\/b\/ani-a9w-et4-k3w&nbsp;<\/a><\/td><\/tr><tr><td>Herr H\u00e4cker<\/td><td><a href=\"https:\/\/bbb.jfs.de\/b\/fel-fck-0dg-iot\">https:\/\/bbb.jfs.de\/b\/fel-fck-0dg-iot<\/a><\/td><\/tr><tr><td>Frau H\u00e4fner<\/td><td><a href=\"https:\/\/bbb.jfs.de\/b\/cla-tvz-4k7-ffg\">https:\/\/bbb.jfs.de\/b\/cla-tvz-4k7-ffg<\/a><\/td><\/tr><tr><td>Frau Haid<\/td><td><a href=\"https:\/\/bbb.jfs.de\/b\/jul-bcy-knc-yo8\">https:\/\/bbb.jfs.de\/b\/jul-bcy-knc-yo8<\/a><\/td><\/tr><tr><td>Herr Hack<\/td><td><a href=\"https:\/\/bbb.jfs.de\/b\/mic-fbr-odq-l74\">https:\/\/bbb.jfs.de\/b\/mic-fbr-odq-l74<\/a><\/td><\/tr><tr><td>Frau Hammerschmied<\/td><td><a href=\"https:\/\/bbb.jfs.de\/b\/ste-ehm-lls-iuu\">https:\/\/bbb.jfs.de\/b\/ste-ehm-lls-iuu<\/a><\/td><\/tr><tr><td>Frau Hau\u00dfmann<\/td><td><a href=\"https:\/\/bbb.jfs.de\/b\/jul-vmj-vii-opy\">https:\/\/bbb.jfs.de\/b\/jul-vmj-vii-opy<\/a><\/td><\/tr><tr><td>Herr Dr. Hengherr<\/td><td><a href=\"https:\/\/bbb.jfs.de\/b\/ste-aa2-kdf-zhy\">https:\/\/bbb.jfs.de\/b\/ste-aa2-kdf-zhy<\/a><\/td><\/tr><tr><td>Herr Hildenbrand<\/td><td><a href=\"https:\/\/bbb.jfs.de\/b\/ale-9bp-blp-5zm\">https:\/\/bbb.jfs.de\/b\/ale-9bp-blp-5zm<\/a><\/td><\/tr><tr><td>Frau Hiller<\/td><td><a href=\"https:\/\/bbb.jfs.de\/b\/sim-ert-zho-yqb\">https:\/\/bbb.jfs.de\/b\/sim-ert-zho-yqb<\/a><\/td><\/tr><tr><td>Frau Hauke-Kubel<\/td><td><a href=\"https:\/\/bbb.jfs.de\/b\/ulr-kma-bph-d1g\">https:\/\/bbb.jfs.de\/b\/ulr-kma-bph-d1g<\/a><\/td><\/tr><tr><td>Frau Hlawatsch<\/td><td><a href=\"https:\/\/bbb.jfs.de\/b\/jan-riw-ilk-ymd\">https:\/\/bbb.jfs.de\/b\/jan-riw-ilk-ymd<\/a><\/td><\/tr><tr><td>Frau H\u00f6ss<\/td><td><a href=\"https:\/\/bbb.jfs.de\/b\/sin-ups-dle-i3p\">https:\/\/bbb.jfs.de\/b\/sin-ups-dle-i3p<\/a><\/td><\/tr><tr><td>Frau Jorgusen<\/td><td><a href=\"https:\/\/bbb.jfs.de\/b\/van-9fq-3o1-iah\">https:\/\/bbb.jfs.de\/b\/van-9fq-3o1-iah<\/a><\/td><\/tr><tr><td>Herr Kaiser<\/td><td><a href=\"https:\/\/bbb.jfs.de\/b\/jen-wky-bz3-vyt\">https:\/\/bbb.jfs.de\/b\/jen-wky-bz3-vyt&nbsp;<\/a><\/td><\/tr><tr><td>Herr Kalckreuth<\/td><td><a href=\"https:\/\/bbb.jfs.de\/b\/joh-bd6-80v-u82\">https:\/\/bbb.jfs.de\/b\/joh-bd6-80v-u82<\/a><\/td><\/tr><tr><td>Herr Knorpp<\/td><td><a href=\"https:\/\/bbb.jfs.de\/b\/mar-s9b-fkn-7li\">https:\/\/bbb.jfs.de\/b\/mar-s9b-fkn-7li<\/a><\/td><\/tr><tr><td>Frau Kolbe<\/td><td><a href=\"https:\/\/bbb.jfs.de\/b\/gab-fpb-uer-bjr\">https:\/\/bbb.jfs.de\/b\/gab-fpb-uer-bjr<\/a><\/td><\/tr><tr><td>Frau Kowallek<\/td><td><a href=\"https:\/\/bbb.jfs.de\/b\/sar-jog-eql-ljw\">https:\/\/bbb.jfs.de\/b\/sar-jog-eql-ljw<\/a><\/td><\/tr><tr><td>Frau Laubheimer<\/td><td><a href=\"https:\/\/bbb.jfs.de\/b\/kat-lam-ggu-ij6\">https:\/\/bbb.jfs.de\/b\/kat-lam-ggu-ij6<\/a><\/td><\/tr><tr><td>Herr Landthaler<\/td><td><a href=\"https:\/\/bbb.jfs.de\/b\/pat-pb4-4vq-do1\">https:\/\/bbb.jfs.de\/b\/pat-pb4-4vq-do1<\/a><\/td><\/tr><tr><td>Frau Lamparter<\/td><td><a href=\"https:\/\/bbb.jfs.de\/b\/car-2xx-kbf-t2j\">https:\/\/bbb.jfs.de\/b\/car-2xx-kbf-t2j<\/a><\/td><\/tr><tr><td>Frau Lederer<\/td><td><a href=\"https:\/\/bbb.jfs.de\/b\/jut-j2u-twc-nro\">https:\/\/bbb.jfs.de\/b\/jut-j2u-twc-nro<\/a><\/td><\/tr><tr><td>Frau Lock<\/td><td><a href=\"https:\/\/bbb.jfs.de\/b\/mir-qzf-3sp-hto\">https:\/\/bbb.jfs.de\/b\/mir-qzf-3sp-hto<\/a><\/td><\/tr><tr><td>Frau Neher<\/td><td><a href=\"https:\/\/bbb.jfs.de\/b\/nad-wwl-cri-j5j\">https:\/\/bbb.jfs.de\/b\/nad-wwl-cri-j5j<\/a><\/td><\/tr><tr><td>Herr Nietmann<\/td><td><a href=\"https:\/\/bbb.jfs.de\/b\/die-ibk-mez-rdx\">https:\/\/bbb.jfs.de\/b\/die-ibk-mez-rdx<\/a><\/td><\/tr><tr><td>Frau Nitzschke<\/td><td><a href=\"https:\/\/bbb.jfs.de\/b\/yvo-lx3-9oz-5cd\">https:\/\/bbb.jfs.de\/b\/yvo-lx3-9oz-5cd<\/a><\/td><\/tr><tr><td>Frau Oeffling<\/td><td><a href=\"https:\/\/bbb.jfs.de\/b\/ann-sjj-qkq-1z1\">https:\/\/bbb.jfs.de\/b\/ann-sjj-qkq-1z1<\/a><\/td><\/tr><tr><td>Herr Ohmayer<\/td><td><a href=\"https:\/\/bbb.jfs.de\/b\/mic-kmi-pca-vwr\">https:\/\/bbb.jfs.de\/b\/mic-kmi-pca-vwr<\/a><\/td><\/tr><tr><td>Herr Ohran<\/td><td><a href=\"https:\/\/bbb.jfs.de\/b\/arm-0pq-c0c-rph\">https:\/\/bbb.jfs.de\/b\/arm-0pq-c0c-rph<\/a><\/td><\/tr><tr><td>Herr Paass<\/td><td><a href=\"https:\/\/bbb.jfs.de\/b\/tho-mzr-ypm-p4m\">https:\/\/bbb.jfs.de\/b\/tho-mzr-ypm-p4m<\/a><\/td><\/tr><tr><td>Frau Pink<\/td><td><a href=\"https:\/\/bbb.jfs.de\/b\/han-ixm-hm7-ubh\">https:\/\/bbb.jfs.de\/b\/han-ixm-hm7-ubh&nbsp;<\/a><\/td><\/tr><tr><td>Frau Pock<\/td><td><a href=\"https:\/\/bbb.jfs.de\/b\/hil-wa8-as1-b61\">https:\/\/bbb.jfs.de\/b\/hil-wa8-as1-b61<\/a><\/td><\/tr><tr><td>Frau Perret-Vogel<\/td><td><a href=\"https:\/\/bbb.jfs.de\/b\/bet-tka-rqj-lum\">https:\/\/bbb.jfs.de\/b\/bet-tka-rqj-lum<\/a><\/td><\/tr><tr><td>Frau Reichle<\/td><td><a href=\"https:\/\/bbb.jfs.de\/b\/fel-kwh-map-akh\">https:\/\/bbb.jfs.de\/b\/fel-kwh-map-akh&nbsp;<\/a><\/td><\/tr><tr><td>Herr Risch<\/td><td><a href=\"https:\/\/bbb.jfs.de\/b\/jer-dxi-ewf-c3h\">https:\/\/bbb.jfs.de\/b\/jer-dxi-ewf-c3h<\/a><\/td><\/tr><tr><td>Herr Dr. Rose<\/td><td><a href=\"https:\/\/bbb.jfs.de\/b\/thi-vvs-27e-m6t\">https:\/\/bbb.jfs.de\/b\/thi-vvs-27e-m6t<\/a><\/td><\/tr><tr><td>Frau R\u00fcber<\/td><td><a href=\"https:\/\/bbb.jfs.de\/b\/dil-bjs-xmq-o4a\">https:\/\/bbb.jfs.de\/b\/dil-bjs-xmq-o4a&nbsp;<\/a><\/td><\/tr><tr><td>Frau Sander<\/td><td><a href=\"https:\/\/bbb.jfs.de\/b\/anj-afk-7b9-eo0\">https:\/\/bbb.jfs.de\/b\/anj-afk-7b9-eo0<\/a><\/td><\/tr><tr><td>Frau Schiller<\/td><td><a href=\"https:\/\/bbb.jfs.de\/b\/ste-uw9-kkh-zkh\">https:\/\/bbb.jfs.de\/b\/ste-uw9-kkh-zkh<\/a><\/td><\/tr><tr><td>Herr Sch\u00f6nherr<\/td><td><a href=\"https:\/\/bbb.jfs.de\/b\/fri-aqz-f1g-tzt\">https:\/\/bbb.jfs.de\/b\/fri-aqz-f1g-tzt<\/a><\/td><\/tr><tr><td>Frau Schweiker<\/td><td><a href=\"https:\/\/bbb.jfs.de\/b\/ver-oil-a1j-jxg\">https:\/\/bbb.jfs.de\/b\/ver-oil-a1j-jxg<\/a><\/td><\/tr><tr><td>Herr Siemantel<\/td><td><a rel=\"noreferrer noopener\" target=\"_blank\" href=\"https:\/\/bbb.jfs.de\/b\/kai-jkw-3a7-qgp\">https:\/\/bbb.jfs.de\/b\/kai-jkw-3a7-qgp<\/a><\/td><\/tr><tr><td>Herr Sigel<\/td><td><a href=\"https:\/\/bbb.jfs.de\/b\/ber-sjm-hcz-xme\">https:\/\/bbb.jfs.de\/b\/ber-sjm-hcz-xme<\/a><\/td><\/tr><tr><td>Herr Sikora<\/td><td><a href=\"https:\/\/bbb.jfs.de\/b\/seb-7ei-qer-bnp\">https:\/\/bbb.jfs.de\/b\/seb-7ei-qer-bnp<\/a><\/td><\/tr><tr><td>Frau Stricker<\/td><td><a href=\"https:\/\/bbb.jfs.de\/b\/fra-hei-3ow-kma\">https:\/\/bbb.jfs.de\/b\/fra-hei-3ow-kma<\/a><\/td><\/tr><tr><td>Frau Schwarzbauer<\/td><td><a href=\"https:\/\/bbb.jfs.de\/b\/son-0ts-xc1-h6x\">https:\/\/bbb.jfs.de\/b\/son-0ts-xc1-h6x<\/a><\/td><\/tr><tr><td>Herr Thrun<\/td><td><a href=\"https:\/\/bbb.jfs.de\/b\/man-jnc-fso-ppn\">https:\/\/bbb.jfs.de\/b\/man-jnc-fso-ppn&nbsp;<\/a><\/td><\/tr><tr><td>Herr Traber<\/td><td><a href=\"https:\/\/bbb.jfs.de\/b\/ral-vku-8k2-ypv\">https:\/\/bbb.jfs.de\/b\/ral-vku-8k2-ypv<\/a><\/td><\/tr><tr><td>Herr Tremmel<\/td><td><a href=\"https:\/\/bbb.jfs.de\/b\/tob-sla-nlq-fuc\">https:\/\/bbb.jfs.de\/b\/tob-sla-nlq-fuc&nbsp;<\/a><\/td><\/tr><tr><td>Herr Veil<\/td><td><a href=\"https:\/\/bbb.jfs.de\/b\/joh-mjp-r6y-a1a\">https:\/\/bbb.jfs.de\/b\/joh-mjp-r6y-a1a<\/a><\/td><\/tr><tr><td>Frau Veit-Maa\u00df<\/td><td><a href=\"https:\/\/bbb.jfs.de\/b\/mic-fct-jen-fhp\">https:\/\/bbb.jfs.de\/b\/mic-fct-jen-fhp<\/a><\/td><\/tr><tr><td>Frau Wall<\/td><td><a href=\"https:\/\/bbb.jfs.de\/b\/jul-9k1-qlz-yhl\">https:\/\/bbb.jfs.de\/b\/jul-9k1-qlz-yhl<\/a><\/td><\/tr><tr><td>Frau Waller<\/td><td><a href=\"https:\/\/bbb.jfs.de\/b\/kar-vv5-8vb-9t6\">https:\/\/bbb.jfs.de\/b\/kar-vv5-8vb-9t6<\/a><\/td><\/tr><tr><td>Frau Walter<\/td><td><a href=\"https:\/\/bbb.jfs.de\/b\/lar-a7o-hsm-cjk\">https:\/\/bbb.jfs.de\/b\/lar-a7o-hsm-cjk<\/a><\/td><\/tr><tr><td>Frau Wei\u00df<\/td><td><a href=\"https:\/\/bbb.jfs.de\/b\/syl-6nc-qac-oq4\">https:\/\/bbb.jfs.de\/b\/syl-6nc-qac-oq4<\/a><\/td><\/tr><tr><td>Herr Dr. Wieser<\/td><td><a href=\"https:\/\/bbb.jfs.de\/b\/nik-rsa-ome-0ry\">https:\/\/bbb.jfs.de\/b\/nik-rsa-ome-0ry<\/a><\/td><\/tr><tr><td>Frau Wohlfahrt<\/td><td><a href=\"https:\/\/bbb.jfs.de\/b\/chr-u65-akr-3ta\">https:\/\/bbb.jfs.de\/b\/chr-u65-akr-3ta<\/a><\/td><\/tr><tr><td>Frau Zipp<\/td><td><a href=\"https:\/\/bbb.jfs.de\/b\/ste-ris-ihf-fez\">https:\/\/bbb.jfs.de\/b\/ste-ris-ihf-fez&nbsp;&nbsp;<\/a><\/td><\/tr><\/tbody><\/table><\/figure>\n","protected":false},"excerpt":{"rendered":"<p>die Eltern sowie die Ausbildenden der Betriebe haben die Gelegenheit, sich anl\u00e4sslich des Elternsprechtages am Dienstag, 23. Februar 2021 von 16:30 \u2013 19:00 Uhr \u00fcber die Leistungen ihrer Tochter\/ ihres Sohnes bzw. ihrer Auszubildenden online zu informieren. Die Gespr\u00e4che finden <a class=\"more-link\" href=\"https:\/\/www.jfs.de\/?page_id=3332\"><span class=\"screen-reader-text\">  Elternsprechtag 2021<\/span> weiterlesen<span class=\"meta-nav\">&rarr;<\/span><\/a><\/p>\n","protected":false},"author":1,"featured_media":0,"parent":0,"menu_order":0,"comment_status":"closed","ping_status":"closed","template":"","meta":{"footnotes":""},"class_list":["post-3332","page","type-page","status-publish","hentry"],"_links":{"self":[{"href":"https:\/\/www.jfs.de\/index.php?rest_route=\/wp\/v2\/pages\/3332","targetHints":{"allow":["GET"]}}],"collection":[{"href":"https:\/\/www.jfs.de\/index.php?rest_route=\/wp\/v2\/pages"}],"about":[{"href":"https:\/\/www.jfs.de\/index.php?rest_route=\/wp\/v2\/types\/page"}],"author":[{"embeddable":true,"href":"https:\/\/www.jfs.de\/index.php?rest_route=\/wp\/v2\/users\/1"}],"replies":[{"embeddable":true,"href":"https:\/\/www.jfs.de\/index.php?rest_route=%2Fwp%2Fv2%2Fcomments&post=3332"}],"version-history":[{"count":5,"href":"https:\/\/www.jfs.de\/index.php?rest_route=\/wp\/v2\/pages\/3332\/revisions"}],"predecessor-version":[{"id":3343,"href":"https:\/\/www.jfs.de\/index.php?rest_route=\/wp\/v2\/pages\/3332\/revisions\/3343"}],"wp:attachment":[{"href":"https:\/\/www.jfs.de\/index.php?rest_route=%2Fwp%2Fv2%2Fmedia&parent=3332"}],"curies":[{"name":"wp","href":"https:\/\/api.w.org\/{rel}","templated":true}]}}