{"id":3299,"date":"2021-01-20T11:59:29","date_gmt":"2021-01-20T11:59:29","guid":{"rendered":"https:\/\/www.jfs.de\/?page_id=3299"},"modified":"2021-01-20T13:04:36","modified_gmt":"2021-01-20T13:04:36","slug":"online-beratungen-wirtschaftsgymnasium","status":"publish","type":"page","link":"https:\/\/www.jfs.de\/?page_id=3299","title":{"rendered":"Online-Beratungen Wirtschaftsgymnasium"},"content":{"rendered":"\n<p>Wir m\u00f6chten Ihnen am 21.01.2021 im Zeitraum von 17:00 \u2013 20:00 Uhr individuelle Beratungen im direkten live-Kontakt erm\u00f6glichen.<\/p>\n\n\n\n<p>Durch einen Klick auf einen der folgenden Links, gelangen sie in einen Videokonferenzraum. Geben Sie dazu bitte beim Betreten Ihren Namen an. Sie k\u00f6nnen Ihre Fragen dort im Chat schriftlich stellen oder sie schalten Ihre Kamera und Mikrofon an und k\u00f6nnen direkt mit den anwesenden Lehrkr\u00e4ften sprechen.<\/p>\n\n\n\n<ul class=\"wp-block-list\"><li><a rel=\"noreferrer noopener\" href=\"https:\/\/bbb.jfs.de\/b\/syl-twx-ivj-qrk\" data-type=\"URL\" data-id=\"https:\/\/bbb.jfs.de\/b\/syl-twx-ivj-qrk\" target=\"_blank\">WG Beratung 1 (Frau Wei\u00df und Frau Blocher)<\/a><\/li><li><a rel=\"noreferrer noopener\" href=\"https:\/\/bbb.jfs.de\/b\/mic-4yb-gr6-x1n\" data-type=\"URL\" data-id=\"https:\/\/bbb.jfs.de\/b\/mic-4yb-gr6-x1n\" target=\"_blank\">WG Beratung 2 (Herr Barth)<\/a><\/li><li><a rel=\"noreferrer noopener\" href=\"https:\/\/bbb.jfs.de\/b\/die-1p3-5an-stb\" data-type=\"URL\" data-id=\"https:\/\/bbb.jfs.de\/b\/die-1p3-5an-stb\" target=\"_blank\">WG Fach Wirtschaft (Herr Nietmann und Frau Schiller)<\/a><\/li><li><a rel=\"noreferrer noopener\" href=\"https:\/\/bbb.jfs.de\/b\/fel-je7-sbg-dpa\" data-type=\"URL\" data-id=\"https:\/\/bbb.jfs.de\/b\/fel-je7-sbg-dpa\" target=\"_blank\">WG Tabletunterricht (Herr H\u00e4cker, Herr Risch und Herr Landthaler)<\/a><\/li><li><a href=\"https:\/\/bbb.jfs.de\/b\/van-nme-rpj-nh2\" data-type=\"URL\" data-id=\"https:\/\/bbb.jfs.de\/b\/van-nme-rpj-nh2\" target=\"_blank\" rel=\"noreferrer noopener\">WG Wahlfach Global Studies (Frau Jorgusen und Frau Neher)<\/a><\/li><li><a href=\"https:\/\/bbb.jfs.de\/b\/ann-6ge-tyr-wgh\" data-type=\"URL\" data-id=\"https:\/\/bbb.jfs.de\/b\/ann-6ge-tyr-wgh\" target=\"_blank\" rel=\"noreferrer noopener\">WG Wahlfach Privates Verm\u00f6gensmanagement (Frau Oeffling und Frau Schweiker)<\/a><\/li><li><a href=\"https:\/\/bbb.jfs.de\/b\/lar-5zt-job-zlb\" data-type=\"URL\" data-id=\"https:\/\/bbb.jfs.de\/b\/lar-5zt-job-zlb\" target=\"_blank\" rel=\"noreferrer noopener\">WG Wahlfach Wirtschaftsinformatik (Frau Walter)<\/a><\/li><li><a href=\"https:\/\/bbb.jfs.de\/b\/ram-3dt-u1g-9jy\" data-type=\"URL\" data-id=\"https:\/\/bbb.jfs.de\/b\/ram-3dt-u1g-9jy\" target=\"_blank\" rel=\"noreferrer noopener\">WG Wahlfach Wirtschaftsgeografie (Frau Albrecht)<\/a><\/li><li><a href=\"https:\/\/bbb.jfs.de\/b\/fri-ai5-cln-cqp\" data-type=\"URL\" data-id=\"https:\/\/bbb.jfs.de\/b\/fri-ai5-cln-cqp\" target=\"_blank\" rel=\"noreferrer noopener\">WG Wahlfach Musik (Herr Sch\u00f6nherr)<\/a><\/li><li><a href=\"https:\/\/bbb.jfs.de\/b\/fra-d9e-pab-kiu\" data-type=\"URL\" data-id=\"https:\/\/bbb.jfs.de\/b\/fra-d9e-pab-kiu\" target=\"_blank\" rel=\"noreferrer noopener\">WG Fremdsprache Spanisch (Frau Stricker, Frau Pock und Frau Capitan)<\/a><\/li><li><a href=\"https:\/\/bbb.jfs.de\/b\/rut-vjh-o1k-nol\" data-type=\"URL\" data-id=\"https:\/\/bbb.jfs.de\/b\/rut-vjh-o1k-nol\" target=\"_blank\" rel=\"noreferrer noopener\">WG Fremdsprache Franz\u00f6sisch (Frau Gaier und Frau Lederer)<\/a><\/li><\/ul>\n","protected":false},"excerpt":{"rendered":"<p>Wir m\u00f6chten Ihnen am 21.01.2021 im Zeitraum von 17:00 \u2013 20:00 Uhr individuelle Beratungen im direkten live-Kontakt erm\u00f6glichen. Durch einen Klick auf einen der folgenden Links, gelangen sie in einen Videokonferenzraum. Geben Sie dazu bitte beim Betreten Ihren Namen an. <a class=\"more-link\" href=\"https:\/\/www.jfs.de\/?page_id=3299\"><span class=\"screen-reader-text\">  Online-Beratungen Wirtschaftsgymnasium<\/span> weiterlesen<span class=\"meta-nav\">&rarr;<\/span><\/a><\/p>\n","protected":false},"author":1,"featured_media":0,"parent":0,"menu_order":0,"comment_status":"closed","ping_status":"closed","template":"","meta":{"footnotes":""},"class_list":["post-3299","page","type-page","status-publish","hentry"],"_links":{"self":[{"href":"https:\/\/www.jfs.de\/index.php?rest_route=\/wp\/v2\/pages\/3299","targetHints":{"allow":["GET"]}}],"collection":[{"href":"https:\/\/www.jfs.de\/index.php?rest_route=\/wp\/v2\/pages"}],"about":[{"href":"https:\/\/www.jfs.de\/index.php?rest_route=\/wp\/v2\/types\/page"}],"author":[{"embeddable":true,"href":"https:\/\/www.jfs.de\/index.php?rest_route=\/wp\/v2\/users\/1"}],"replies":[{"embeddable":true,"href":"https:\/\/www.jfs.de\/index.php?rest_route=%2Fwp%2Fv2%2Fcomments&post=3299"}],"version-history":[{"count":2,"href":"https:\/\/www.jfs.de\/index.php?rest_route=\/wp\/v2\/pages\/3299\/revisions"}],"predecessor-version":[{"id":3301,"href":"https:\/\/www.jfs.de\/index.php?rest_route=\/wp\/v2\/pages\/3299\/revisions\/3301"}],"wp:attachment":[{"href":"https:\/\/www.jfs.de\/index.php?rest_route=%2Fwp%2Fv2%2Fmedia&parent=3299"}],"curies":[{"name":"wp","href":"https:\/\/api.w.org\/{rel}","templated":true}]}}