{"id":261,"date":"2015-01-30T14:19:12","date_gmt":"2015-01-30T14:19:12","guid":{"rendered":"https:\/\/www.jfs.de\/?page_id=261"},"modified":"2021-09-24T12:46:45","modified_gmt":"2021-09-24T12:46:45","slug":"erasmus-fuer-berufsschueler","status":"publish","type":"page","link":"https:\/\/www.jfs.de\/?page_id=261","title":{"rendered":"Erasmus+ f\u00fcr Berufssch\u00fcler"},"content":{"rendered":"<p><img loading=\"lazy\" decoding=\"async\" class=\"alignleft size-medium wp-image-264\" src=\"https:\/\/www.jfs.de\/wp-content\/uploads\/2015\/01\/london-166x300.jpg\" alt=\"london\" width=\"166\" height=\"300\" srcset=\"https:\/\/www.jfs.de\/wp-content\/uploads\/2015\/01\/london-166x300.jpg 166w, https:\/\/www.jfs.de\/wp-content\/uploads\/2015\/01\/london.jpg 350w\" sizes=\"auto, (max-width: 166px) 100vw, 166px\" \/>Zusammen mit der Jakob-Friedrich-Sch\u00f6llkopf-Schule (JFS) bietet das von der EU gef\u00f6rderte\u00a0\u201e<strong>Erasmus+<\/strong>\u201c-Programm Sch\u00fclerinnen und\u00a0Sch\u00fclern der kaufm\u00e4nnischen Berufsschule\u00a0der JFS jedes Jahr im Mai\/Juni unter dem\u00a0Motto \u201e<strong>ALLE \u2013 Arbeiten, Lernen und Leben in\u00a0Europa<\/strong>\u201c die M\u00f6glichkeit, einen <strong>dreiw\u00f6chigen Auslandsaufenthalt in Dublin <\/strong>zu verbringen.<\/p>\n<p>\u201eALLE\u201c richtet sich an alle vollj\u00e4hrigen\u00a0Auszubildenden<br \/>\nim zweiten oder dritten Ausbildungsjahr. W\u00e4hrend der Zeit in <strong>Dublin<\/strong> wird zun\u00e4chst ein <strong>einw\u00f6chiger Sprachkurs<\/strong> besucht.\u00a0Im Anschluss daran findet ein <strong>zweiw\u00f6chiges<\/strong><br \/>\n<strong> Betriebspraktikum<\/strong> statt. Die TeilnehmerInnen des Programms werden durch die LehrerInnen der JFS sowie durch Ansprechpartner vor Ort in Dublin intensiv vorbereitet und unterst\u00fctzt. Durch die Teilnahme wird u.a. das international anerkannte Zertifikat \u201e<strong>Europass Mobilit\u00e4t<\/strong>\u201c\u00a0erworben.<\/p>\n<p><a href=\"https:\/\/www.jfs.de\/wp-content\/uploads\/2018\/09\/Erasmusgefoerdert_rgb.jpg\"><img loading=\"lazy\" decoding=\"async\" class=\"alignright wp-image-2037 size-medium\" src=\"https:\/\/www.jfs.de\/wp-content\/uploads\/2018\/09\/Erasmusgefoerdert_rgb-300x133.jpg\" alt=\"Gef\u00f6rdert durch Erasmus+\" width=\"300\" height=\"133\" srcset=\"https:\/\/www.jfs.de\/wp-content\/uploads\/2018\/09\/Erasmusgefoerdert_rgb-300x133.jpg 300w, https:\/\/www.jfs.de\/wp-content\/uploads\/2018\/09\/Erasmusgefoerdert_rgb-768x341.jpg 768w, https:\/\/www.jfs.de\/wp-content\/uploads\/2018\/09\/Erasmusgefoerdert_rgb-1024x455.jpg 1024w\" sizes=\"auto, (max-width: 300px) 100vw, 300px\" \/><\/a><\/p>\n<p><a href=\"https:\/\/www.jfs.de\/wp-content\/uploads\/2015\/01\/140916_erasmus-folder_02.pdf\">Weitere Informationen hier im Flyer\u00a0<\/a> \u00a0\u00a0<a href=\"https:\/\/www.jfs.de\/wp-content\/uploads\/2021\/09\/EramusAufenthalt.pdf\" target=\"_blank\" rel=\"noopener noreferrer\">bzw. <strong>hier f\u00fcr Dublin<\/strong><\/a><\/p>\n<p>Hier gibt es einige Eindr\u00fccke der Teilnehmerinnen und Teilnehmer zu ihrem \u201e<strong>Abenteuer Dublin<\/strong>\u201c:<\/p>\n<p><strong><a href=\"https:\/\/www.jfs.de\/wp-content\/uploads\/2021\/09\/Dublin_impressions.pdf\" target=\"_blank\" rel=\"noopener noreferrer\">Impressionen Dublin 1<\/a><\/strong><\/p>\n<p><strong><a href=\"https:\/\/jfs-dublin-2019.tumblr.com\/\" target=\"_blank\" rel=\"noopener noreferrer\">Impressionen Dublin 2<\/a><\/strong><\/p>\n<p><strong><a href=\"https:\/\/www.jfs.de\/wp-content\/uploads\/2021\/09\/Trip_to_Dublin.pdf\" target=\"_blank\" rel=\"noopener noreferrer\">Impressionen Dublin 3<\/a><\/strong><\/p>\n<p>Hier gibt es weitere Impressionen von Erasmus-Programm &#8222;London&#8220; (Fr\u00fcheres Projekt &#8211; nicht mehr w\u00e4hlbar):<\/p>\n<p><a href=\"https:\/\/www.jfs.de\/wp-content\/uploads\/2015\/09\/International-mobility-project_Selina.pdf\" target=\"_blank\" rel=\"noopener noreferrer\">Selina und Ramona, Auszubildende zur Industriekauffrau<br \/>\n<\/a><a href=\"http:\/\/www.adccollege.eu\/adc-blog\/2015\/7\/27\/my-london-adventure\" target=\"_blank\" rel=\"noopener noreferrer\">Eindr\u00fccke von Ramona auf der ADC-Homepage\u00a0<\/a><\/p>\n<p><a href=\"http:\/\/triptolondon2k15.tumblr.com\/\" target=\"_blank\" rel=\"noopener noreferrer\">Alexander, Niclas und Frank, Auszubildende zum Industriekaufmann<\/a><\/p>\n<p><a href=\"http:\/\/vvbloglondon.tumblr.com\/\" target=\"_blank\" rel=\"noopener noreferrer\">Cansu, Auzubildende zur Einzelhandelskauffrau<\/a><\/p>\n<p><a href=\"http:\/\/vvbloglondon.tumblr.com\/\" target=\"_blank\" rel=\"noopener noreferrer\">Vanessa und Verena, Auszubildende zur B\u00fcrokauffrau<\/a><\/p>\n<p><a href=\"https:\/\/www.jfs.de\/wp-content\/uploads\/2018\/07\/London-Fotostory.pdf\" target=\"_blank\" rel=\"noopener noreferrer\">Fotostory von Lisa<\/a><\/p>\n<p><a href=\"https:\/\/www.jfs.de\/wp-content\/uploads\/2018\/07\/London-2018.pdf\" target=\"_blank\" rel=\"noopener noreferrer\">Bericht von Corvin<\/a><\/p>\n<p>Dieses Projekt wurde mit Unterst\u00fctzung der Europ\u00e4ischen Kommission finanziert. Die Verantwortung f\u00fcr den Inhalt dieser Ver\u00f6ffentlichung (Mitteilung)<br \/>\ntr\u00e4gt allein der Verfasser; die Kommission haftet nicht f\u00fcr die weitere Verwendung der darin enthaltenen Angaben.<\/p>\n","protected":false},"excerpt":{"rendered":"<p>Zusammen mit der Jakob-Friedrich-Sch\u00f6llkopf-Schule (JFS) bietet das von der EU gef\u00f6rderte\u00a0\u201eErasmus+\u201c-Programm Sch\u00fclerinnen und\u00a0Sch\u00fclern der kaufm\u00e4nnischen Berufsschule\u00a0der JFS jedes Jahr im Mai\/Juni unter dem\u00a0Motto \u201eALLE \u2013 Arbeiten, Lernen und Leben in\u00a0Europa\u201c die M\u00f6glichkeit, einen dreiw\u00f6chigen Auslandsaufenthalt in Dublin zu verbringen. \u201eALLE\u201c <a class=\"more-link\" href=\"https:\/\/www.jfs.de\/?page_id=261\"><span class=\"screen-reader-text\">  Erasmus+ f\u00fcr Berufssch\u00fcler<\/span> weiterlesen<span class=\"meta-nav\">&rarr;<\/span><\/a><\/p>\n","protected":false},"author":1,"featured_media":0,"parent":585,"menu_order":0,"comment_status":"closed","ping_status":"closed","template":"","meta":{"footnotes":""},"class_list":["post-261","page","type-page","status-publish","hentry"],"_links":{"self":[{"href":"https:\/\/www.jfs.de\/index.php?rest_route=\/wp\/v2\/pages\/261","targetHints":{"allow":["GET"]}}],"collection":[{"href":"https:\/\/www.jfs.de\/index.php?rest_route=\/wp\/v2\/pages"}],"about":[{"href":"https:\/\/www.jfs.de\/index.php?rest_route=\/wp\/v2\/types\/page"}],"author":[{"embeddable":true,"href":"https:\/\/www.jfs.de\/index.php?rest_route=\/wp\/v2\/users\/1"}],"replies":[{"embeddable":true,"href":"https:\/\/www.jfs.de\/index.php?rest_route=%2Fwp%2Fv2%2Fcomments&post=261"}],"version-history":[{"count":10,"href":"https:\/\/www.jfs.de\/index.php?rest_route=\/wp\/v2\/pages\/261\/revisions"}],"predecessor-version":[{"id":3513,"href":"https:\/\/www.jfs.de\/index.php?rest_route=\/wp\/v2\/pages\/261\/revisions\/3513"}],"up":[{"embeddable":true,"href":"https:\/\/www.jfs.de\/index.php?rest_route=\/wp\/v2\/pages\/585"}],"wp:attachment":[{"href":"https:\/\/www.jfs.de\/index.php?rest_route=%2Fwp%2Fv2%2Fmedia&parent=261"}],"curies":[{"name":"wp","href":"https:\/\/api.w.org\/{rel}","templated":true}]}}