{"id":247,"date":"2015-01-30T13:53:16","date_gmt":"2015-01-30T13:53:16","guid":{"rendered":"https:\/\/www.jfs.de\/?page_id=247"},"modified":"2015-02-02T09:36:31","modified_gmt":"2015-02-02T09:36:31","slug":"schwedenaustausch","status":"publish","type":"page","link":"https:\/\/www.jfs.de\/?page_id=247","title":{"rendered":"Schwedenaustausch"},"content":{"rendered":"<p><strong><img loading=\"lazy\" decoding=\"async\" class=\"alignleft size-medium wp-image-237\" src=\"https:\/\/www.jfs.de\/wp-content\/uploads\/2015\/01\/schweden-300x205.jpg\" alt=\"schweden\" width=\"300\" height=\"205\" srcset=\"https:\/\/www.jfs.de\/wp-content\/uploads\/2015\/01\/schweden-300x205.jpg 300w, https:\/\/www.jfs.de\/wp-content\/uploads\/2015\/01\/schweden.jpg 500w\" sizes=\"auto, (max-width: 300px) 100vw, 300px\" \/>Schweden, Schweden und noch einmal Schweden!<\/strong><\/p>\n<p>Wenn man an Schweden denkt, denkt man nicht direkt an sch\u00f6nes Wetter, Poolpartys und knoblauchhaltiges Essen. Aber die Sch\u00fclergruppe der JFS, die vom 21. bis zum 25. Mai. 2012 zum Sch\u00fcleraustausch in Sandviken war, wurde eines Besseren belehrt.<br \/>\nZwar war der Beginn des Austauschs f\u00fcr manche etwas erm\u00fcdend, da unser Besuch in einer Stahlfabrik nicht bei jedem Interesse weckte, doch dieser anfangs eher langweilige Eindruck wurde durch das Bowling am Abend wett gemacht. Nach Besichtigungstouren in einer Papier- und Stahlfabrik stand ein Besuch im Elchpark auf dem Programm, der sehr viel Freude bereitete. Der letzte gemeinsame Abend wurde durch eine Poolparty gekr\u00f6nt, bei der alle gro\u00dfen Spa\u00df hatten.<br \/>\nAm n\u00e4chsten Tag ging es schon fr\u00fch morgens auf nach Stockholm. Nachdem wir in unserem Hotel direkt am Ufer des sich durch Stockholm ziehenden Flusses angekommen waren, bekamen wir bei tropischen Temperaturen eine ausf\u00fchrliche F\u00fchrung durch die Altstadt. Danach durften wie unser Programm weitgehend selbst gestalten und gingen entweder shoppen oder besuchten das Vasa-Museum. Am Abend gab es dann ein leckeres Essen auf dem direkt vor dem Hotel vor Anker liegenden Segelschiff mit Blick auf den Palast der K\u00f6nigsfamilie und einem wundersch\u00f6nen Sonnenuntergang.<br \/>\nNachdem alle ihre Kronen ausgegeben hatten, ging es dann auch leider viel zu schnell wieder zur\u00fcck nach Deutschland.<\/p>\n","protected":false},"excerpt":{"rendered":"<p>Schweden, Schweden und noch einmal Schweden! Wenn man an Schweden denkt, denkt man nicht direkt an sch\u00f6nes Wetter, Poolpartys und knoblauchhaltiges Essen. Aber die Sch\u00fclergruppe der JFS, die vom 21. bis zum 25. Mai. 2012 zum Sch\u00fcleraustausch in Sandviken war, <a class=\"more-link\" href=\"https:\/\/www.jfs.de\/?page_id=247\"><span class=\"screen-reader-text\">  Schwedenaustausch<\/span> weiterlesen<span class=\"meta-nav\">&rarr;<\/span><\/a><\/p>\n","protected":false},"author":1,"featured_media":0,"parent":585,"menu_order":0,"comment_status":"closed","ping_status":"closed","template":"","meta":{"footnotes":""},"class_list":["post-247","page","type-page","status-publish","hentry"],"_links":{"self":[{"href":"https:\/\/www.jfs.de\/index.php?rest_route=\/wp\/v2\/pages\/247","targetHints":{"allow":["GET"]}}],"collection":[{"href":"https:\/\/www.jfs.de\/index.php?rest_route=\/wp\/v2\/pages"}],"about":[{"href":"https:\/\/www.jfs.de\/index.php?rest_route=\/wp\/v2\/types\/page"}],"author":[{"embeddable":true,"href":"https:\/\/www.jfs.de\/index.php?rest_route=\/wp\/v2\/users\/1"}],"replies":[{"embeddable":true,"href":"https:\/\/www.jfs.de\/index.php?rest_route=%2Fwp%2Fv2%2Fcomments&post=247"}],"version-history":[{"count":2,"href":"https:\/\/www.jfs.de\/index.php?rest_route=\/wp\/v2\/pages\/247\/revisions"}],"predecessor-version":[{"id":249,"href":"https:\/\/www.jfs.de\/index.php?rest_route=\/wp\/v2\/pages\/247\/revisions\/249"}],"up":[{"embeddable":true,"href":"https:\/\/www.jfs.de\/index.php?rest_route=\/wp\/v2\/pages\/585"}],"wp:attachment":[{"href":"https:\/\/www.jfs.de\/index.php?rest_route=%2Fwp%2Fv2%2Fmedia&parent=247"}],"curies":[{"name":"wp","href":"https:\/\/api.w.org\/{rel}","templated":true}]}}