{"id":234,"date":"2015-01-30T13:19:40","date_gmt":"2015-01-30T13:19:40","guid":{"rendered":"https:\/\/www.jfs.de\/?page_id=234"},"modified":"2015-02-02T09:37:05","modified_gmt":"2015-02-02T09:37:05","slug":"spanienaustausch","status":"publish","type":"page","link":"https:\/\/www.jfs.de\/?page_id=234","title":{"rendered":"Spanienaustausch"},"content":{"rendered":"<p><img loading=\"lazy\" decoding=\"async\" class=\"alignleft size-full wp-image-236\" src=\"https:\/\/www.jfs.de\/wp-content\/uploads\/2015\/01\/spanien.jpg\" alt=\"spanien\" width=\"940\" height=\"188\" srcset=\"https:\/\/www.jfs.de\/wp-content\/uploads\/2015\/01\/spanien.jpg 940w, https:\/\/www.jfs.de\/wp-content\/uploads\/2015\/01\/spanien-300x60.jpg 300w\" sizes=\"auto, (max-width: 940px) 100vw, 940px\" \/>Sch\u00fcleraustausch mit dem <strong>Gymnasium Emilio Prados in M\u00e1laga \/ Spanien<\/strong><\/p>\n<p>Seit 2001 findet der Sch\u00fcleraustausch mit dem Gymnasium in M\u00e1laga immer im Fr\u00fchjahr statt. Die spanischen Sch\u00fclerInnen kommen Ende M\u00e4rz \/Anfang April zu uns nach Kirchheim und unsere Sch\u00fclerInnen fahren zum R\u00fcckbesuch Ende April \/ Anfang Mai nach M\u00e1laga.<br \/>\nZiel ist das gegenseitige Kennenlernen der unterschiedlichen Kulturen, Verbesserung der Sprachkenntnisse und die F\u00f6rderung der personalen Kompetenz. Aus diesem Grund werden im Vorfeld Austauschpaare gebildet und die Sch\u00fclerInnen wohnen w\u00e4hrend ihres Aufenthaltes jeweils einzeln in ihren Gastfamilien.<\/p>\n<p>Das Programm umfasst je eine Woche in Deutschland und Spanien und dauert in der Regel von morgens bis in den sp\u00e4ten Nachmittag; Sonntag ist der Familientag. Alle Sch\u00fclerInnen nehmen verpflichtend teil an diesem Programm, das neben dem Kennenlernen des Schulortes und des Schullebens auch verschiedene Aktivit\u00e4ten in der Region umfasst.<\/p>\n<p>Die Kosten belaufen sich auf circa 400,00 Euro f\u00fcr eine Woche Programm bei uns in Deutschland, den Flug nach M\u00e1laga und die dortigen Aktivit\u00e4ten.<\/p>\n","protected":false},"excerpt":{"rendered":"<p>Sch\u00fcleraustausch mit dem Gymnasium Emilio Prados in M\u00e1laga \/ Spanien Seit 2001 findet der Sch\u00fcleraustausch mit dem Gymnasium in M\u00e1laga immer im Fr\u00fchjahr statt. Die spanischen Sch\u00fclerInnen kommen Ende M\u00e4rz \/Anfang April zu uns nach Kirchheim und unsere Sch\u00fclerInnen fahren <a class=\"more-link\" href=\"https:\/\/www.jfs.de\/?page_id=234\"><span class=\"screen-reader-text\">  Spanienaustausch<\/span> weiterlesen<span class=\"meta-nav\">&rarr;<\/span><\/a><\/p>\n","protected":false},"author":1,"featured_media":0,"parent":585,"menu_order":0,"comment_status":"closed","ping_status":"closed","template":"","meta":{"footnotes":""},"class_list":["post-234","page","type-page","status-publish","hentry"],"_links":{"self":[{"href":"https:\/\/www.jfs.de\/index.php?rest_route=\/wp\/v2\/pages\/234","targetHints":{"allow":["GET"]}}],"collection":[{"href":"https:\/\/www.jfs.de\/index.php?rest_route=\/wp\/v2\/pages"}],"about":[{"href":"https:\/\/www.jfs.de\/index.php?rest_route=\/wp\/v2\/types\/page"}],"author":[{"embeddable":true,"href":"https:\/\/www.jfs.de\/index.php?rest_route=\/wp\/v2\/users\/1"}],"replies":[{"embeddable":true,"href":"https:\/\/www.jfs.de\/index.php?rest_route=%2Fwp%2Fv2%2Fcomments&post=234"}],"version-history":[{"count":2,"href":"https:\/\/www.jfs.de\/index.php?rest_route=\/wp\/v2\/pages\/234\/revisions"}],"predecessor-version":[{"id":242,"href":"https:\/\/www.jfs.de\/index.php?rest_route=\/wp\/v2\/pages\/234\/revisions\/242"}],"up":[{"embeddable":true,"href":"https:\/\/www.jfs.de\/index.php?rest_route=\/wp\/v2\/pages\/585"}],"wp:attachment":[{"href":"https:\/\/www.jfs.de\/index.php?rest_route=%2Fwp%2Fv2%2Fmedia&parent=234"}],"curies":[{"name":"wp","href":"https:\/\/api.w.org\/{rel}","templated":true}]}}

<p><img loading="lazy" decoding="async" class="alignleft size-full wp-image-236" src="https://www.jfs.de/wp-content/uploads/2015/01/spanien.jpg" alt="spanien" width="940" height="188" srcset="https://www.jfs.de/wp-content/uploads/2015/01/spanien.jpg 940w, https://www.jfs.de/wp-content/uploads/2015/01/spanien-300x60.jpg 300w" sizes="auto, (max-width: 940px) 100vw, 940px" />Schüleraustausch mit dem <strong>Gymnasium Emilio Prados in Málaga / Spanien</strong></p>
<p>Seit 2001 findet der Schüleraustausch mit dem Gymnasium in Málaga immer im Frühjahr statt. Die spanischen SchülerInnen kommen Ende März /Anfang April zu uns nach Kirchheim und unsere SchülerInnen fahren zum Rückbesuch Ende April / Anfang Mai nach Málaga.<br />
Ziel ist das gegenseitige Kennenlernen der unterschiedlichen Kulturen, Verbesserung der Sprachkenntnisse und die Förderung der personalen Kompetenz. Aus diesem Grund werden im Vorfeld Austauschpaare gebildet und die SchülerInnen wohnen während ihres Aufenthaltes jeweils einzeln in ihren Gastfamilien.</p>
<p>Das Programm umfasst je eine Woche in Deutschland und Spanien und dauert in der Regel von morgens bis in den späten Nachmittag; Sonntag ist der Familientag. Alle SchülerInnen nehmen verpflichtend teil an diesem Programm, das neben dem Kennenlernen des Schulortes und des Schullebens auch verschiedene Aktivitäten in der Region umfasst.</p>
<p>Die Kosten belaufen sich auf circa 400,00 Euro für eine Woche Programm bei uns in Deutschland, den Flug nach Málaga und die dortigen Aktivitäten.</p>

<p>Schüleraustausch mit dem Gymnasium Emilio Prados in Málaga / Spanien Seit 2001 findet der Schüleraustausch mit dem Gymnasium in Málaga immer im Frühjahr statt. Die spanischen SchülerInnen kommen Ende März /Anfang April zu uns nach Kirchheim und unsere SchülerInnen fahren <a class="more-link" href="https://www.jfs.de/?page_id=234"><span class="screen-reader-text">  Spanienaustausch</span> weiterlesen<span class="meta-nav">&rarr;</span></a></p>
