{"id":23,"date":"2015-01-26T19:01:19","date_gmt":"2015-01-26T19:01:19","guid":{"rendered":"https:\/\/www.jfs.de\/?page_id=23"},"modified":"2026-03-20T07:02:58","modified_gmt":"2026-03-20T07:02:58","slug":"wirtschaftsgymnasium","status":"publish","type":"page","link":"https:\/\/www.jfs.de\/?page_id=23","title":{"rendered":"Wirtschaftsgymnasium"},"content":{"rendered":"<blockquote>\n<p align=\"left\">&#8222;Mein Ziel ist das Abitur!&#8220;<\/p>\n<\/blockquote>\n<p align=\"left\">Das <strong>Wirtschaftsgymnasium<\/strong> (WG) ist ein dreij\u00e4hriges Gymnasium. Es bereitet auf das Studium und in besonderer Weise auf die kaufm\u00e4nnisch-wirtschaftlich bezogene Berufswelt vor. Die Sch\u00fclerinnen und Sch\u00fcler erreichen die allgemeine Hochschulreife.<\/p>\n<figure id=\"attachment_6018\" aria-describedby=\"caption-attachment-6018\" style=\"width: 150px\" class=\"wp-caption alignleft\"><a href=\"https:\/\/www.jfs.de\/wp-content\/uploads\/2024\/10\/Baa-k.jpg\"><img loading=\"lazy\" decoding=\"async\" class=\"size-thumbnail wp-image-6018\" src=\"https:\/\/www.jfs.de\/wp-content\/uploads\/2024\/10\/Baa-k-150x150.jpg\" alt=\"Johannes Baaken - Abteilungsleiter WG\" width=\"150\" height=\"150\" srcset=\"https:\/\/www.jfs.de\/wp-content\/uploads\/2024\/10\/Baa-k-150x150.jpg 150w, https:\/\/www.jfs.de\/wp-content\/uploads\/2024\/10\/Baa-k-300x300.jpg 300w, https:\/\/www.jfs.de\/wp-content\/uploads\/2024\/10\/Baa-k.jpg 400w\" sizes=\"auto, (max-width: 150px) 100vw, 150px\" \/><\/a><figcaption id=\"caption-attachment-6018\" class=\"wp-caption-text\">Johannes Baaken &#8211; Abteilungsleiter WG<\/figcaption><\/figure>\n<p>Es gibt im Wirtschaftsgymnasium zwei Profile, die besucht werden k\u00f6nnen. Zum einen das Wirtschaftsgymnasium mit dem Profil internationale Wirtschaft (WGI), zum anderen das Wirtschaftsgymnasium mit dem Profil Wirtschaft (WGW).\u00a0 Dar\u00fcber hinaus k\u00f6nnen in beiden Profilen verschiedene Wahlf\u00e4cher belegt werden.<\/p>\n<p>Das <strong>Profil Internationale\u00a0 Wirtschaft<\/strong>\u00a0 bietet\u00a0 die\u00a0 M\u00f6glichkeit,\u00a0 vertieft\u00a0 wirtschaftswissenschaftliche\u00a0\u00a0 und\u00a0\u00a0 kulturelle\u00a0\u00a0 Zusammenh\u00e4nge\u00a0\u00a0 zu\u00a0\u00a0 erlernen.\u00a0 \u00dcber die fachlichen Aspekte\u00a0 hinaus\u00a0 bietet\u00a0 das\u00a0 Profil\u00a0 Sch\u00fclerinnen\u00a0 und\u00a0 Sch\u00fclern\u00a0 die\u00a0 Chance,\u00a0 fremdsprachliche\u00a0 Kompetenzen\u00a0 in\u00a0 einem besonderen\u00a0 Ma\u00dfe\u00a0 zu\u00a0 erwerben,\u00a0 da\u00a0 ein Teil des Fachunterrichts auf Englisch\u00a0 stattfindet. Diese\u00a0 F\u00e4higkeiten\u00a0 erleichtern\u00a0 ein\u00a0 sp\u00e4teres\u00a0 Studium \u00a0im\u00a0 Ausland und bringen Vorteile bei der Bewerbung in multinationalen Unternehmen.<\/p>\n<p>Das \u201eklassische\u201c\u00a0 <strong>Profil\u00a0 Wirtschaft<\/strong>\u00a0 vertieft\u00a0 wirtschaftswissenschaftliche\u00a0 Themen\u00a0 und\u00a0 Zusammenh\u00e4nge.\u00a0 Dar\u00fcber\u00a0 hinaus wird eine erweiterte Allgemeinbildung\u00a0 in\u00a0 allen \u00a0Lebensbereichen\u00a0 vermittelt.\u00a0 Die Sch\u00fclerinnen\u00a0 und\u00a0 Sch\u00fcler\u00a0 erhalten Einblicke in viele Bereiche unserer Gesellschaft und Wirtschaftsordnung. Sie erreichen mit dieser Profilierung\u00a0 eine\u00a0 gute\u00a0 Ausgangsbasis\u00a0 f\u00fcr\u00a0 ein sp\u00e4teres Studium oder anspruchsvolle T\u00e4tigkeiten\u00a0 in\u00a0 Wirtschaft\u00a0 und\u00a0 Verwaltung.<\/p>\n<p><strong>Interesse an unserem WG? <\/strong><\/p>\n<p>Dann melden Sie sich gerne bei uns. Wir bieten f\u00fcr interessierte Sch\u00fclerinnen und Sch\u00fcler regelm\u00e4\u00dfig die M\u00f6glichkeit, im Rahmen einer Hospitation an unserer Schule zu \u201eschnuppern\u201c.<\/p>\n<p><strong>Eine Bewerbung ist bis 01.03.2026 unter <a href=\"https:\/\/bewo.kultus-bw.de\/,Lde\/Startseite\/BewO\">https:\/\/bewo.kultus-bw.de\/,Lde\/Startseite\/BewO<\/a> m\u00f6glich.\u00a0<\/strong><\/p>\n<p><strong>Noch Fragen oder Beratung? <\/strong>Kontakt: <a href=\"mailto:baa@jfs.de\">baa@jfs.de<\/a><\/p>\n<p>Nutzen Sie auch unsere <strong><a href=\"https:\/\/calendar.app.google\/fYEQBCeJy8Mj8peYA\" target=\"_blank\" rel=\"noopener\"><u>Online-Terminbuchung<\/u><\/a><\/strong> f\u00fcr einen individuellen Beratungstermin.<\/p>\n<p><strong>Downloads:<\/strong><\/p>\n<ul>\n<li><a href=\"https:\/\/www.jfs.de\/wp-content\/uploads\/2025\/11\/WG-Flyer-25_26-klein.pdf\" target=\"_blank\" rel=\"noopener noreferrer\">Info I:\u00a0Brosch\u00fcre \u2013 Lust auf Abitur mit Profil<\/a><\/li>\n<li><a href=\"https:\/\/www.jfs.de\/wp-content\/uploads\/2025\/11\/251023_Folder_WG_02.pdf\" target=\"_blank\" rel=\"noopener noreferrer\">Info II: Ausf\u00fchrliche Brosch\u00fcre Wirtschaftsgymnasium<\/a><\/li>\n<li><a href=\"https:\/\/www.jfs.de\/wp-content\/uploads\/2026\/03\/Information-Wahlfaecher-2027.pdf\" target=\"_blank\" rel=\"noopener noreferrer\">Kurzinformation zu den Wahlpflichtf\u00e4chern am WG<\/a><\/li>\n<li><a href=\"https:\/\/www.jfs.de\/wp-content\/uploads\/2026\/03\/Flyer-Musik-extern.pdf\" target=\"_blank\" rel=\"noopener\">&#8222;Music is back&#8220;<\/a><\/li>\n<\/ul>\n<p><strong>Filme zum<\/strong> <strong>Wirtschaftsgymnasium:<\/strong><\/p>\n\n\n<ul class=\"wp-block-list\">\n<li><a rel=\"noreferrer noopener\" href=\"https:\/\/youtu.be\/roSBCvX3gDA\" target=\"_blank\">&#8222;Wir leben Schule&#8220; &#8211; Was macht das Wirtschaftsgymnasium an der JFS so besonders<\/a><\/li>\n\n\n\n<li><a rel=\"noreferrer noopener\" href=\"https:\/\/youtu.be\/0ssn0ke3jhY\" target=\"_blank\">Profile und Wahlf\u00e4cher am Wirtschaftsgymnasium der JFS <\/a><\/li>\n\n\n\n<li><a rel=\"noreferrer noopener\" href=\"https:\/\/youtu.be\/K0eVAfQT1so\" target=\"_blank\">Wie ist das mit der zweiten Fremdsprache am Wirtschaftsgymnasium<\/a><\/li>\n\n\n\n<li><a rel=\"noreferrer noopener\" href=\"https:\/\/youtu.be\/tl8lpUYIAOk\" target=\"_blank\">Aufnahmevoraussetzungen und Bewerbungsverfahren f\u00fcr das Wirtschaftsgymnasium<\/a><\/li>\n\n\n\n<li><a rel=\"noreferrer noopener\" href=\"https:\/\/vimeo.com\/214005106\" target=\"_blank\" data-type=\"URL\" data-id=\"https:\/\/vimeo.com\/214005106\">Erasmus-Projekt an der JFS <\/a><\/li>\n\n\n\n<li><a rel=\"noreferrer noopener\" href=\"https:\/\/youtu.be\/wVnrbWhuues\" target=\"_blank\">Wahlfach Global Studies<\/a><\/li>\n\n\n\n<li><a rel=\"noreferrer noopener\" href=\"https:\/\/youtu.be\/74if-ykL_6I\" target=\"_blank\">Wahlfach Privates Verm\u00f6gensmanagement<\/a><\/li>\n\n\n\n<li><a href=\"https:\/\/youtu.be\/ZY3Mk7pOMXU\" target=\"_blank\" rel=\"noreferrer noopener\">Wahlfach Wirtschaftsinformatik<\/a><\/li>\n\n\n\n<li><a href=\"https:\/\/youtu.be\/IHKtZZtBff0\" target=\"_blank\" rel=\"noreferrer noopener\">Wahlfach Franz\u00f6sisch<\/a><\/li>\n<\/ul>\n\n\n<p><strong>Links:<\/strong><\/p>\n<ul>\n<li>Bewerbung f\u00fcr das Wirtschaftsgymnasium \u00fcber das zentrale Bewerbungsverfahren (BewO):<br \/><a href=\"https:\/\/bewo.kultus-bw.de\/,Lde\/Startseite\/BewO\" target=\"_blank\" rel=\"noopener noreferrer\">https:\/\/bewo.kultus-bw.de\/,Lde\/Startseite\/BewO<\/a><\/li>\n<li>Kurzfilm zu den beruflichen Gymnasien in Baden-W\u00fcrttemberg: <a href=\"https:\/\/www.youtube.com\/watch?v=lXThx3sDs3o\" target=\"_blank\" rel=\"noopener noreferrer\">https:\/\/www.youtube.com\/watch?v=lXThx3sDs3o<\/a><\/li>\n<\/ul>\n<p align=\"left\">\n\n\n<p><\/p>\n","protected":false},"excerpt":{"rendered":"<p>&#8222;Mein Ziel ist das Abitur!&#8220; Das Wirtschaftsgymnasium (WG) ist ein dreij\u00e4hriges Gymnasium. Es bereitet auf das Studium und in besonderer Weise auf die kaufm\u00e4nnisch-wirtschaftlich bezogene Berufswelt vor. Die Sch\u00fclerinnen und Sch\u00fcler erreichen die allgemeine Hochschulreife. Es gibt im Wirtschaftsgymnasium zwei <a class=\"more-link\" href=\"https:\/\/www.jfs.de\/?page_id=23\"><span class=\"screen-reader-text\">  Wirtschaftsgymnasium<\/span> weiterlesen<span class=\"meta-nav\">&rarr;<\/span><\/a><\/p>\n","protected":false},"author":1,"featured_media":0,"parent":7,"menu_order":0,"comment_status":"closed","ping_status":"closed","template":"","meta":{"footnotes":""},"class_list":["post-23","page","type-page","status-publish","hentry"],"_links":{"self":[{"href":"https:\/\/www.jfs.de\/index.php?rest_route=\/wp\/v2\/pages\/23","targetHints":{"allow":["GET"]}}],"collection":[{"href":"https:\/\/www.jfs.de\/index.php?rest_route=\/wp\/v2\/pages"}],"about":[{"href":"https:\/\/www.jfs.de\/index.php?rest_route=\/wp\/v2\/types\/page"}],"author":[{"embeddable":true,"href":"https:\/\/www.jfs.de\/index.php?rest_route=\/wp\/v2\/users\/1"}],"replies":[{"embeddable":true,"href":"https:\/\/www.jfs.de\/index.php?rest_route=%2Fwp%2Fv2%2Fcomments&post=23"}],"version-history":[{"count":49,"href":"https:\/\/www.jfs.de\/index.php?rest_route=\/wp\/v2\/pages\/23\/revisions"}],"predecessor-version":[{"id":7310,"href":"https:\/\/www.jfs.de\/index.php?rest_route=\/wp\/v2\/pages\/23\/revisions\/7310"}],"up":[{"embeddable":true,"href":"https:\/\/www.jfs.de\/index.php?rest_route=\/wp\/v2\/pages\/7"}],"wp:attachment":[{"href":"https:\/\/www.jfs.de\/index.php?rest_route=%2Fwp%2Fv2%2Fmedia&parent=23"}],"curies":[{"name":"wp","href":"https:\/\/api.w.org\/{rel}","templated":true}]}}