{"id":221,"date":"2015-01-29T16:15:37","date_gmt":"2015-01-29T16:15:37","guid":{"rendered":"https:\/\/www.jfs.de\/?page_id=221"},"modified":"2020-11-13T14:11:27","modified_gmt":"2020-11-13T14:11:27","slug":"schuelerzeitung-carpe-diem","status":"publish","type":"page","link":"https:\/\/www.jfs.de\/?page_id=221","title":{"rendered":"Sch\u00fclerzeitung Carpe Diem"},"content":{"rendered":"<p><a href=\"https:\/\/www.jfs.de\/wp-content\/uploads\/2020\/11\/120717_CarpeDiemPoster_DINA2pdf.pdf\" target=\"_blank\" rel=\"noopener noreferrer\"><img loading=\"lazy\" decoding=\"async\" class=\"alignright wp-image-3120 size-medium\" src=\"https:\/\/www.jfs.de\/wp-content\/uploads\/2020\/11\/Poster_Carpe_Diem-212x300.png\" alt=\"\" width=\"212\" height=\"300\" srcset=\"https:\/\/www.jfs.de\/wp-content\/uploads\/2020\/11\/Poster_Carpe_Diem-212x300.png 212w, https:\/\/www.jfs.de\/wp-content\/uploads\/2020\/11\/Poster_Carpe_Diem.png 631w\" sizes=\"auto, (max-width: 212px) 100vw, 212px\" \/><\/a>Die \u201eCarpe Diem\u201c ist eine Arbeitsgemeinschaft, die die Sch\u00fclerInnen der verschiedenen Schularten wie Wirtschaftsgymnasium, Berufsfachschulen oder Berufskolleg der Sch\u00f6llkopf-Schule zusammenf\u00fchren soll. Dass dieses Ziel auch gelingt, kommen alle Jungredakteure zun\u00e4chst zu einem eint\u00e4gigem Workshop zusammen um der neuen Ausgabe die Grundstrukturen zu verpassen. Hier werden das Leitthema, die Rubriken und die Artikel festgelegt und ausgearbeitet.<\/p>\n<p>Auf den regelm\u00e4\u00dfigen Redaktionstreffen, die immer Donnerstags stattfinden, wird der Schreibprozess der Sch\u00fclerinnen und Sch\u00fclern von den betreuenden Lehrkr\u00e4ften <strong>Birgit Bochterle und Elke Cla\u00df<\/strong>\u00a0begleitet.<\/p>\n<p>Die journalistische Arbeit verschafft den Sch\u00fclerInnen neue Einblicke in bestimmte Berufs-\/Themenbereiche und war auch schon f\u00fcr so manchen Ex-Carpe-Diemler ein Sprungbrett f\u00fcr die weitere Karriere.<\/p>\n<p>Unsere Sch\u00fclerzeitung wird seit mehreren Jahren stetig mit <strong>Landes- und Bundespreisen<\/strong> bedacht.<\/p>\n<p><a href=\"https:\/\/www.jfs.de\/wp-content\/uploads\/2020\/10\/Schuelerzeitung_JFS_2020_vend.pdf\" target=\"_blank\" rel=\"noopener noreferrer\"><img loading=\"lazy\" decoding=\"async\" class=\"alignleft wp-image-3081 size-medium\" src=\"https:\/\/www.jfs.de\/wp-content\/uploads\/2020\/10\/02_Cover_neu1-245x300.jpg\" alt=\"\" width=\"245\" height=\"300\" srcset=\"https:\/\/www.jfs.de\/wp-content\/uploads\/2020\/10\/02_Cover_neu1-245x300.jpg 245w, https:\/\/www.jfs.de\/wp-content\/uploads\/2020\/10\/02_Cover_neu1.jpg 300w\" sizes=\"auto, (max-width: 245px) 100vw, 245px\" \/><\/a><\/p>\n","protected":false},"excerpt":{"rendered":"<p>Die \u201eCarpe Diem\u201c ist eine Arbeitsgemeinschaft, die die Sch\u00fclerInnen der verschiedenen Schularten wie Wirtschaftsgymnasium, Berufsfachschulen oder Berufskolleg der Sch\u00f6llkopf-Schule zusammenf\u00fchren soll. Dass dieses Ziel auch gelingt, kommen alle Jungredakteure zun\u00e4chst zu einem eint\u00e4gigem Workshop zusammen um der neuen Ausgabe die <a class=\"more-link\" href=\"https:\/\/www.jfs.de\/?page_id=221\"><span class=\"screen-reader-text\">  Sch\u00fclerzeitung Carpe Diem<\/span> weiterlesen<span class=\"meta-nav\">&rarr;<\/span><\/a><\/p>\n","protected":false},"author":1,"featured_media":0,"parent":583,"menu_order":0,"comment_status":"closed","ping_status":"closed","template":"","meta":{"footnotes":""},"class_list":["post-221","page","type-page","status-publish","hentry"],"_links":{"self":[{"href":"https:\/\/www.jfs.de\/index.php?rest_route=\/wp\/v2\/pages\/221","targetHints":{"allow":["GET"]}}],"collection":[{"href":"https:\/\/www.jfs.de\/index.php?rest_route=\/wp\/v2\/pages"}],"about":[{"href":"https:\/\/www.jfs.de\/index.php?rest_route=\/wp\/v2\/types\/page"}],"author":[{"embeddable":true,"href":"https:\/\/www.jfs.de\/index.php?rest_route=\/wp\/v2\/users\/1"}],"replies":[{"embeddable":true,"href":"https:\/\/www.jfs.de\/index.php?rest_route=%2Fwp%2Fv2%2Fcomments&post=221"}],"version-history":[{"count":4,"href":"https:\/\/www.jfs.de\/index.php?rest_route=\/wp\/v2\/pages\/221\/revisions"}],"predecessor-version":[{"id":3124,"href":"https:\/\/www.jfs.de\/index.php?rest_route=\/wp\/v2\/pages\/221\/revisions\/3124"}],"up":[{"embeddable":true,"href":"https:\/\/www.jfs.de\/index.php?rest_route=\/wp\/v2\/pages\/583"}],"wp:attachment":[{"href":"https:\/\/www.jfs.de\/index.php?rest_route=%2Fwp%2Fv2%2Fmedia&parent=221"}],"curies":[{"name":"wp","href":"https:\/\/api.w.org\/{rel}","templated":true}]}}

Schülerzeitung Carpe Diem

<p><a href="https://www.jfs.de/wp-content/uploads/2020/11/120717_CarpeDiemPoster_DINA2pdf.pdf" target="_blank" rel="noopener noreferrer"><img loading="lazy" decoding="async" class="alignright wp-image-3120 size-medium" src="https://www.jfs.de/wp-content/uploads/2020/11/Poster_Carpe_Diem-212x300.png" alt="" width="212" height="300" srcset="https://www.jfs.de/wp-content/uploads/2020/11/Poster_Carpe_Diem-212x300.png 212w, https://www.jfs.de/wp-content/uploads/2020/11/Poster_Carpe_Diem.png 631w" sizes="auto, (max-width: 212px) 100vw, 212px" /></a>Die „Carpe Diem“ ist eine Arbeitsgemeinschaft, die die SchülerInnen der verschiedenen Schularten wie Wirtschaftsgymnasium, Berufsfachschulen oder Berufskolleg der Schöllkopf-Schule zusammenführen soll. Dass dieses Ziel auch gelingt, kommen alle Jungredakteure zunächst zu einem eintägigem Workshop zusammen um der neuen Ausgabe die Grundstrukturen zu verpassen. Hier werden das Leitthema, die Rubriken und die Artikel festgelegt und ausgearbeitet.</p>
<p>Auf den regelmäßigen Redaktionstreffen, die immer Donnerstags stattfinden, wird der Schreibprozess der Schülerinnen und Schülern von den betreuenden Lehrkräften <strong>Birgit Bochterle und Elke Claß</strong> begleitet.</p>
<p>Die journalistische Arbeit verschafft den SchülerInnen neue Einblicke in bestimmte Berufs-/Themenbereiche und war auch schon für so manchen Ex-Carpe-Diemler ein Sprungbrett für die weitere Karriere.</p>
<p>Unsere Schülerzeitung wird seit mehreren Jahren stetig mit <strong>Landes- und Bundespreisen</strong> bedacht.</p>
<p><a href="https://www.jfs.de/wp-content/uploads/2020/10/Schuelerzeitung_JFS_2020_vend.pdf" target="_blank" rel="noopener noreferrer"><img loading="lazy" decoding="async" class="alignleft wp-image-3081 size-medium" src="https://www.jfs.de/wp-content/uploads/2020/10/02_Cover_neu1-245x300.jpg" alt="" width="245" height="300" srcset="https://www.jfs.de/wp-content/uploads/2020/10/02_Cover_neu1-245x300.jpg 245w, https://www.jfs.de/wp-content/uploads/2020/10/02_Cover_neu1.jpg 300w" sizes="auto, (max-width: 245px) 100vw, 245px" /></a></p>

<p>Die „Carpe Diem“ ist eine Arbeitsgemeinschaft, die die SchülerInnen der verschiedenen Schularten wie Wirtschaftsgymnasium, Berufsfachschulen oder Berufskolleg der Schöllkopf-Schule zusammenführen soll. Dass dieses Ziel auch gelingt, kommen alle Jungredakteure zunächst zu einem eintägigem Workshop zusammen um der neuen Ausgabe die <a class="more-link" href="https://www.jfs.de/?page_id=221"><span class="screen-reader-text">  Schülerzeitung Carpe Diem</span> weiterlesen<span class="meta-nav">&rarr;</span></a></p>
