{"id":181,"date":"2015-01-29T13:57:17","date_gmt":"2015-01-29T13:57:17","guid":{"rendered":"https:\/\/www.jfs.de\/?page_id=181"},"modified":"2022-10-20T14:31:39","modified_gmt":"2022-10-20T14:31:39","slug":"wer-war-schoellkopf","status":"publish","type":"page","link":"https:\/\/www.jfs.de\/?page_id=181","title":{"rendered":"Wer war Sch\u00f6llkopf"},"content":{"rendered":"\n<p><strong>Auswanderer aus Kirchheim unter Teck, wegweisender Unternehmer in den USA, Gr\u00fcnder der Wasserkraftwerke der Niagara-F\u00e4lle und gro\u00dfz\u00fcgiger Wohlt\u00e4ter f\u00fcr seine ehemalige Heimat:<\/strong><\/p>\n\n\n\n<h2 class=\"wp-block-heading\"><strong>Jakob Friedrich Sch\u00f6llkopf<\/strong><\/h2>\n\n\n\n<figure class=\"wp-block-image size-large\"><a href=\"https:\/\/www.jfs.de\/wp-content\/uploads\/2022\/10\/Lebenslauf-Schoellkopf.jpg\"><img loading=\"lazy\" decoding=\"async\" width=\"1024\" height=\"549\" src=\"https:\/\/www.jfs.de\/wp-content\/uploads\/2022\/10\/Lebenslauf-Schoellkopf-1024x549.jpg\" alt=\"\" class=\"wp-image-4339\" srcset=\"https:\/\/www.jfs.de\/wp-content\/uploads\/2022\/10\/Lebenslauf-Schoellkopf-1024x549.jpg 1024w, https:\/\/www.jfs.de\/wp-content\/uploads\/2022\/10\/Lebenslauf-Schoellkopf-300x161.jpg 300w, https:\/\/www.jfs.de\/wp-content\/uploads\/2022\/10\/Lebenslauf-Schoellkopf-768x412.jpg 768w, https:\/\/www.jfs.de\/wp-content\/uploads\/2022\/10\/Lebenslauf-Schoellkopf.jpg 1094w\" sizes=\"auto, (max-width: 1024px) 100vw, 1024px\" \/><\/a><\/figure>\n\n\n\n<p><strong>Der Namensgeber &#8211; Jakob Friedrich Sch\u00f6llkopf<\/strong><\/p>\n\n\n\n<p>Wer nicht aus Kirchheim und Umgebung stammt, dem wird der Name Jakob-Friedrich-Sch\u00f6llkopf nicht viel sagen. Wer war der Mann, den sich unsere Schule als Namenspatron aussuchte, und warum w\u00e4hlte man gerade ihn aus?<\/p>\n\n\n<div class=\"wp-block-image\">\n<figure class=\"alignleft\"><a href=\"https:\/\/www.jfs.de\/wp-content\/uploads\/2015\/01\/schoellkopf1.jpg\"><img loading=\"lazy\" decoding=\"async\" width=\"200\" height=\"275\" src=\"https:\/\/www.jfs.de\/wp-content\/uploads\/2015\/01\/schoellkopf1.jpg\" alt=\"Jakob-Friedrich Sch\u00f6llkopf\" class=\"wp-image-177\"\/><\/a><\/figure>\n<\/div>\n\n\n<p><strong>Der Auswanderer<\/strong><\/p>\n\n\n\n<p>Jakob Friedrich Sch\u00f6llkopf wurde als zw\u00f6lftes von f\u00fcnfzehn Kindern des Rotgerbers Heinrich Sch\u00f6llkopf und seiner zweiten Ehefrau Christiana Margaretha Mayer im Jahr 1819 in Kirchheim geboren. Von 1834 bis 1841 erlernte er den Beruf des Vaters im elterlichen Gesch\u00e4ft und erg\u00e4nzte seine praktischen Fertigkeiten durch eine zweij\u00e4hrige kaufm\u00e4nnische T\u00e4tigkeit. 1841\/42 wanderte er im Alter von 21 Jahren nach Amerika aus, arbeitete zwei Jahre lang als Gerber in New York, und lie\u00df sich nach ausgedehnten Reisen in den Mittleren Westen der USA 1844 in Buffalo am Eriesee, wenige Kilometer oberhalb der Niagara-F\u00e4lle, nieder. Er gr\u00fcndete ein Ledergesch\u00e4ft und er- warb in der N\u00e4he zwei Gerbereien. W\u00e4hrend zwischen 1861 und 1865 der amerikanische B\u00fcrgerkrieg tobte, kamen weitere Gerbereien und M\u00fchlenbetriebe im Nordosten der USA hinzu.<\/p>\n\n\n<div class=\"wp-block-image\">\n<figure class=\"alignleft\"><a href=\"https:\/\/www.jfs.de\/wp-content\/uploads\/2015\/01\/schoellkopf2.jpg\"><img loading=\"lazy\" decoding=\"async\" width=\"200\" height=\"134\" src=\"https:\/\/www.jfs.de\/wp-content\/uploads\/2015\/01\/schoellkopf2.jpg\" alt=\"schoellkopf2\" class=\"wp-image-183\"\/><\/a><\/figure>\n<\/div>\n\n\n<p><strong>Der Gesch\u00e4ftsmann<\/strong><\/p>\n\n\n\n<p>Sch\u00f6llkopf profitierte bei seinem Erfolg von den g\u00fcnstigen Rahmenbedingungen. Die anhaltende Zuwanderung nach Amerika, die Besiedlung des Westens. aber auch der B\u00fcrgerkrieg und der darauffolgende Aufschwung sorgten f\u00fcr einen stetigen Bedarf an billiger Kleidung, sowie an Leder und Getreide f\u00fcr das Milit\u00e4r. Hinzu kam, da\u00df er zeitweise auch auf die finanzielle Unterst\u00fctzung seiner verm\u00f6genden Eltern zur\u00fcckgreifen konnte.<\/p>\n\n\n\n<p>Zu diesen g\u00fcnstigen Umst\u00e4nden kamen seine pers\u00f6nlichen Eigenschaften: seine T\u00fcchtigkeit, sein Gesch\u00e4ftssinn, seine Geduld, seine Weitsicht und nicht zuletzt sein Mut, neue Technologien zu nutzen. So wendete er zum Beispiel ein neues Schnellgerbverfahren unter Einsatz von Dampfmaschinen an, um den Massenbedarf an billigem Leder zu decken. Au\u00dferdem bet\u00e4tigte er sich auch erfolgreich in anderen Branchen au\u00dferhalb der Lederindustrie, wie etwa im M\u00fchlengesch\u00e4ft (Getreide-, S\u00e4ge-, Papierm\u00fchlen) und in der Stromerzeugung. Sein Wasserkraftwerk am Niagara-Wasserfall versorgte damals zeitweise die H\u00e4lfte des Staates New York mit Strom. Dar\u00fcber hinaus sa\u00df er im Vorstand diverser Banken und Unternehmen und verwaltete das Spital von Buffalo. Er kam so in den Ruf eines hervorragenden amerikanischen Wirtschaftspioniers und galt als &#8222;one of the greatest workers and one of the builders of America&#8220;; nach ihm benannte die Stadt Niagara Falls eine Autobr\u00fccke \u00fcber den Flu\u00df. Zudem erinnert dort eine Gedenktafel an den genialen, zukunftsorientierten Schwaben Sch\u00f6llkopf.<\/p>\n\n\n<div class=\"wp-block-image\">\n<figure class=\"alignleft\"><a href=\"https:\/\/www.jfs.de\/wp-content\/uploads\/2015\/01\/schoellkopf_k.jpg\"><img loading=\"lazy\" decoding=\"async\" width=\"225\" height=\"300\" src=\"https:\/\/www.jfs.de\/wp-content\/uploads\/2015\/01\/schoellkopf_k-225x300.jpg\" alt=\"schoellkopf_k\" class=\"wp-image-176\" srcset=\"https:\/\/www.jfs.de\/wp-content\/uploads\/2015\/01\/schoellkopf_k-225x300.jpg 225w, https:\/\/www.jfs.de\/wp-content\/uploads\/2015\/01\/schoellkopf_k.jpg 768w\" sizes=\"auto, (max-width: 225px) 100vw, 225px\" \/><\/a><\/figure>\n<\/div>\n\n\n<p><strong>Der Wohlt\u00e4ter<\/strong><\/p>\n\n\n\n<p>\u00dcber diesem erfolgreichen Wirken und dem damit erworbenen, von Zeitgenossen bewunderten Wohlstand, verga\u00df Jakob Friedrich Sch\u00f6llkopf seine Heimatstadt Kirchheim nie. Ihm, seiner Frau und auch sp\u00e4ter seinen Kindern verdankt die Stadt diverse Stiftungen, aus denen Geld an Arme f\u00fcr kostenlose Krankenhausbehandlung und Unterbringung, zur Beschaffung von Brennmaterial, zum Bestreiten der Beerdigungskosten, aber auch Mittel f\u00fcr erholungsbed\u00fcrftige Kinder und f\u00fcr Waisen gew\u00e4hrt wurden. Auch die neugotische Friedhofskapelle auf dem Stadtfriedhof, die momentan renoviert wird, hat er mitfinanziert. An Sch\u00f6llkopf und seine Verdienste erinnern in Kirchheim die nach ihm benannte Sch\u00f6llkopfstra\u00dfe, der Sch\u00f6llkopf-Brunnen auf dem Bahnhofsvorplatz und nat\u00fcrlich die Jakob-Friedrich-Sch\u00f6llkopf-Schule.<\/p>\n\n\n\n<p>Am 15. September 1899 verstarb Sch\u00f6llkopf knapp 80-j\u00e4hrig in seiner neuen Heimat Buffalo. In einer sich immer schneller ver\u00e4ndernden Welt mit ihren bekannten positiven und negativen Begleiterscheinungen ist die Besch\u00e4ftigung mit diesem bedeutenden Unternehmer aktueller denn je. Wie kaum ein anderer vereinigt er Eigenverantwortung, Flexibilit\u00e4t und Mobilit\u00e4t, aber auch soziales Engagement und Heimatverbundenheit in seiner Person. Er ist somit ein legitimer Namenspatron f\u00fcr eine Schule, deren Aufgabe es ist, eben diese Eigenschaften zur Sicherung unserer Zukunft zu vermitteln.<\/p>\n","protected":false},"excerpt":{"rendered":"<p>Auswanderer aus Kirchheim unter Teck, wegweisender Unternehmer in den USA, Gr\u00fcnder der Wasserkraftwerke der Niagara-F\u00e4lle und gro\u00dfz\u00fcgiger Wohlt\u00e4ter f\u00fcr seine ehemalige Heimat: Jakob Friedrich Sch\u00f6llkopf Der Namensgeber &#8211; Jakob Friedrich Sch\u00f6llkopf Wer nicht aus Kirchheim und Umgebung stammt, dem wird <a class=\"more-link\" href=\"https:\/\/www.jfs.de\/?page_id=181\"><span class=\"screen-reader-text\">  Wer war Sch\u00f6llkopf<\/span> weiterlesen<span class=\"meta-nav\">&rarr;<\/span><\/a><\/p>\n","protected":false},"author":1,"featured_media":0,"parent":185,"menu_order":0,"comment_status":"closed","ping_status":"closed","template":"","meta":{"footnotes":""},"class_list":["post-181","page","type-page","status-publish","hentry"],"_links":{"self":[{"href":"https:\/\/www.jfs.de\/index.php?rest_route=\/wp\/v2\/pages\/181","targetHints":{"allow":["GET"]}}],"collection":[{"href":"https:\/\/www.jfs.de\/index.php?rest_route=\/wp\/v2\/pages"}],"about":[{"href":"https:\/\/www.jfs.de\/index.php?rest_route=\/wp\/v2\/types\/page"}],"author":[{"embeddable":true,"href":"https:\/\/www.jfs.de\/index.php?rest_route=\/wp\/v2\/users\/1"}],"replies":[{"embeddable":true,"href":"https:\/\/www.jfs.de\/index.php?rest_route=%2Fwp%2Fv2%2Fcomments&post=181"}],"version-history":[{"count":3,"href":"https:\/\/www.jfs.de\/index.php?rest_route=\/wp\/v2\/pages\/181\/revisions"}],"predecessor-version":[{"id":4340,"href":"https:\/\/www.jfs.de\/index.php?rest_route=\/wp\/v2\/pages\/181\/revisions\/4340"}],"up":[{"embeddable":true,"href":"https:\/\/www.jfs.de\/index.php?rest_route=\/wp\/v2\/pages\/185"}],"wp:attachment":[{"href":"https:\/\/www.jfs.de\/index.php?rest_route=%2Fwp%2Fv2%2Fmedia&parent=181"}],"curies":[{"name":"wp","href":"https:\/\/api.w.org\/{rel}","templated":true}]}}