{"id":1708,"date":"2018-01-12T06:47:44","date_gmt":"2018-01-12T06:47:44","guid":{"rendered":"https:\/\/www.jfs.de\/?page_id=1708"},"modified":"2026-04-20T09:57:47","modified_gmt":"2026-04-20T09:57:47","slug":"schulsozialarbeit","status":"publish","type":"page","link":"https:\/\/www.jfs.de\/?page_id=1708","title":{"rendered":"Schulsozialarbeit"},"content":{"rendered":"\n<p>Liebe Sch\u00fclerinnen und Sch\u00fcler der\nJakob-Friedrich-Sch\u00f6llkopfschule, Liebe Eltern,<\/p>\n\n\n\n<p>die Schulsozialarbeit der Jakob-Friedrich-Sch\u00f6llkopfschule bietet Ihnen\/Euch Unterst\u00fctzung an.<\/p>\n\n\n<p><strong><img loading=\"lazy\" decoding=\"async\" class=\"alignleft size-full wp-image-1710\" src=\"https:\/\/www.jfs.de\/wp-content\/uploads\/2018\/01\/Thrun-k.jpg\" alt=\"\" width=\"200\" height=\"282\" \/><br \/>Manuel Thrun<\/strong><\/p>\n<p><strong>Kontakt\u00a0<\/strong>07021 92037-804<br \/><a href=\"mailto:thr@jfs.de\">thr@jfs.de<\/a><\/p>\n<p><strong>Beratung und Einzelfallhilfe ALLER Sch\u00fclerinnen und Sch\u00fcler bei<\/strong><\/p>\n<ul>\n<li>Schulverweigerung\/ Schulabsentismus<\/li>\n<li>Konflikte mit Mitsch\u00fcler\/Innen oder Lehrkr\u00e4ften<\/li>\n<li>Soziale Auff\u00e4lligkeiten<\/li>\n<li>Probleme der Pers\u00f6nlichkeitsentwicklung<\/li>\n<li>Konflikte u. Problemlagen im Elternhaus<\/li>\n<li>Fragen der Zukunftsperspektive (\u00c4ngste, Unsicherheiten)<\/li>\n<li>\u00a790 \u2013 Ma\u00dfnahmen<\/li>\n<li>Krisenintervention<\/li>\n<li>Bewerbung\/ Ausbildung<\/li>\n<\/ul>\n<p><strong style=\"font-size: 15px;\">Angebote f\u00fcr VABO- Sch\u00fclerinnen und Sch\u00fcler<\/strong><\/p>\n<ul>\n<li style=\"list-style-type: none;\">\n<ul>\n<li>Unterst\u00fctzung bei der Einschulung<\/li>\n<li>Fahrkarten<\/li>\n<li>Interkultureller Austausch<\/li>\n<li>Vermittlung von Gepflogenheiten der deutschen Kultur und deren Werte<\/li>\n<li>F\u00f6rderung von Teamgeist u. Gruppengef\u00fchl<\/li>\n<li>Anleitung f\u00fcr Einhaltung von Regeln<\/li>\n<li>Kennenlernen der Umgebung<\/li>\n<li>\u00a790-Ma\u00dfnahmen<\/li>\n<\/ul>\n<\/li>\n<\/ul>\n<p><strong><img loading=\"lazy\" decoding=\"async\" class=\"alignleft size-full wp-image-1711\" src=\"https:\/\/www.jfs.de\/wp-content\/uploads\/2018\/01\/Jochum-k.jpg\" alt=\"\" width=\"200\" height=\"286\" \/>Christine Jochum<\/strong><\/p>\n<p><strong>Kontakt:\u00a0<\/strong>07021 92037-816<br \/><a href=\"mailto:joc@jfs.de\">joc@jfs.de<\/a><\/p>\n<p><strong>Angebote\u00a0<\/strong><\/p>\n<ul>\n<li>Unterst\u00fctzung und Beratung zur Berufsfindung<\/li>\n<li>Praktikums- und Ausbildungspl\u00e4tze finden<\/li>\n<li>Vorbereitung, Durchf\u00fchrung und Reflexion von Praktika<\/li>\n<li>Bewerbungstraining<\/li>\n<li>Vorbereitung auf Vorstellungsgespr\u00e4che<\/li>\n<li>Motivations-, und Zielorientierungsgespr\u00e4che<\/li>\n<li>Schullaufbahnberatung<\/li>\n<li>Zuh\u00f6ren und reden<\/li>\n<\/ul>","protected":false},"excerpt":{"rendered":"<p>Liebe Sch\u00fclerinnen und Sch\u00fcler der Jakob-Friedrich-Sch\u00f6llkopfschule, Liebe Eltern, die Schulsozialarbeit der Jakob-Friedrich-Sch\u00f6llkopfschule bietet Ihnen\/Euch Unterst\u00fctzung an. Manuel Thrun Kontakt\u00a007021 92037-804thr@jfs.de Beratung und Einzelfallhilfe ALLER Sch\u00fclerinnen und Sch\u00fcler bei Schulverweigerung\/ Schulabsentismus Konflikte mit Mitsch\u00fcler\/Innen oder Lehrkr\u00e4ften Soziale Auff\u00e4lligkeiten Probleme der Pers\u00f6nlichkeitsentwicklung <a class=\"more-link\" href=\"https:\/\/www.jfs.de\/?page_id=1708\"><span class=\"screen-reader-text\">  Schulsozialarbeit<\/span> weiterlesen<span class=\"meta-nav\">&rarr;<\/span><\/a><\/p>\n","protected":false},"author":1,"featured_media":0,"parent":166,"menu_order":0,"comment_status":"closed","ping_status":"closed","template":"","meta":{"footnotes":""},"class_list":["post-1708","page","type-page","status-publish","hentry"],"_links":{"self":[{"href":"https:\/\/www.jfs.de\/index.php?rest_route=\/wp\/v2\/pages\/1708","targetHints":{"allow":["GET"]}}],"collection":[{"href":"https:\/\/www.jfs.de\/index.php?rest_route=\/wp\/v2\/pages"}],"about":[{"href":"https:\/\/www.jfs.de\/index.php?rest_route=\/wp\/v2\/types\/page"}],"author":[{"embeddable":true,"href":"https:\/\/www.jfs.de\/index.php?rest_route=\/wp\/v2\/users\/1"}],"replies":[{"embeddable":true,"href":"https:\/\/www.jfs.de\/index.php?rest_route=%2Fwp%2Fv2%2Fcomments&post=1708"}],"version-history":[{"count":8,"href":"https:\/\/www.jfs.de\/index.php?rest_route=\/wp\/v2\/pages\/1708\/revisions"}],"predecessor-version":[{"id":7354,"href":"https:\/\/www.jfs.de\/index.php?rest_route=\/wp\/v2\/pages\/1708\/revisions\/7354"}],"up":[{"embeddable":true,"href":"https:\/\/www.jfs.de\/index.php?rest_route=\/wp\/v2\/pages\/166"}],"wp:attachment":[{"href":"https:\/\/www.jfs.de\/index.php?rest_route=%2Fwp%2Fv2%2Fmedia&parent=1708"}],"curies":[{"name":"wp","href":"https:\/\/api.w.org\/{rel}","templated":true}]}}