{"id":1314,"date":"2017-03-23T08:17:17","date_gmt":"2017-03-23T08:17:17","guid":{"rendered":"https:\/\/www.jfs.de\/?page_id=1314"},"modified":"2024-11-08T08:11:04","modified_gmt":"2024-11-08T08:11:04","slug":"ihre-mitgliedschaft-eine-investition-in-die-zukunft-unserer-kinder","status":"publish","type":"page","link":"https:\/\/www.jfs.de\/?page_id=1314","title":{"rendered":"Ihre Mitgliedschaft &#8211; Eine Investition in die Zukunft unserer Kinder"},"content":{"rendered":"<p><img loading=\"lazy\" decoding=\"async\" class=\"alignleft size-medium wp-image-1315\" src=\"https:\/\/www.jfs.de\/wp-content\/uploads\/2017\/03\/jfs-tv-k-300x156.jpg\" alt=\"\" width=\"300\" height=\"156\" srcset=\"https:\/\/www.jfs.de\/wp-content\/uploads\/2017\/03\/jfs-tv-k-300x156.jpg 300w, https:\/\/www.jfs.de\/wp-content\/uploads\/2017\/03\/jfs-tv-k.jpg 400w\" sizes=\"auto, (max-width: 300px) 100vw, 300px\" \/>Finanziert wird der Verein durch Kursein\u00adnahmen und durch die Mit\u00adgliedsbeitr\u00e4ge der Eltern, der Lehr\u00adkr\u00e4fte, ehemaliger Sch\u00fcler\u00adinnen und Sch\u00fcler und Mitgliedsbeitr\u00e4ge von Firmen, insbeson\u00addere Ausbildungsfirmen, deren Auszu\u00adbildende die Schule besuchen.<\/p>\n<p>Das Vereinsziel ist, Sch\u00fclerinnen und Sch\u00fclern durch eine umfassende Band\u00ad\u00adbreite an Bildungsangeboten den Start in die Arbeitswelt oder ins Studium zu erleichtern.<\/p>\n<p>Den <a href=\"https:\/\/www.jfs.de\/wp-content\/uploads\/2024\/04\/Flyer_2023.pdf\" target=\"_blank\" rel=\"noopener\">Flyer mit der Beitrittserkl\u00e4rung finden Sie hier<\/a>. Schicken Sie diesen bitte an verwaltung@jfs.de oder postalisch an Jakob-Friedrich-Sch\u00f6llkopf-Schule, Boschstra\u00dfe 28, 73230 Kirchheim unter Teck. Sie k\u00f6nnen ihn auch gerne im Sekretariat abgeben.<\/p>\n<p>Sie haben auch die M\u00f6glichkeit den F\u00f6rderverein durch eine Spende zu unterst\u00fctzen. Dies geht auch ganz einfach \u00fcber den <a href=\"https:\/\/www.jfs.de\/wp-content\/uploads\/2024\/04\/Flyer_2023.pdf\" target=\"_blank\" rel=\"noopener\">Flyer<\/a>.<\/p>\n","protected":false},"excerpt":{"rendered":"<p>Finanziert wird der Verein durch Kursein\u00adnahmen und durch die Mit\u00adgliedsbeitr\u00e4ge der Eltern, der Lehr\u00adkr\u00e4fte, ehemaliger Sch\u00fcler\u00adinnen und Sch\u00fcler und Mitgliedsbeitr\u00e4ge von Firmen, insbeson\u00addere Ausbildungsfirmen, deren Auszu\u00adbildende die Schule besuchen. Das Vereinsziel ist, Sch\u00fclerinnen und Sch\u00fclern durch eine umfassende Band\u00ad\u00adbreite an <a class=\"more-link\" href=\"https:\/\/www.jfs.de\/?page_id=1314\"><span class=\"screen-reader-text\">  Ihre Mitgliedschaft &#8211; Eine Investition in die Zukunft unserer Kinder<\/span> weiterlesen<span class=\"meta-nav\">&rarr;<\/span><\/a><\/p>\n","protected":false},"author":1,"featured_media":0,"parent":1307,"menu_order":0,"comment_status":"closed","ping_status":"closed","template":"","meta":{"footnotes":""},"class_list":["post-1314","page","type-page","status-publish","hentry"],"_links":{"self":[{"href":"https:\/\/www.jfs.de\/index.php?rest_route=\/wp\/v2\/pages\/1314","targetHints":{"allow":["GET"]}}],"collection":[{"href":"https:\/\/www.jfs.de\/index.php?rest_route=\/wp\/v2\/pages"}],"about":[{"href":"https:\/\/www.jfs.de\/index.php?rest_route=\/wp\/v2\/types\/page"}],"author":[{"embeddable":true,"href":"https:\/\/www.jfs.de\/index.php?rest_route=\/wp\/v2\/users\/1"}],"replies":[{"embeddable":true,"href":"https:\/\/www.jfs.de\/index.php?rest_route=%2Fwp%2Fv2%2Fcomments&post=1314"}],"version-history":[{"count":6,"href":"https:\/\/www.jfs.de\/index.php?rest_route=\/wp\/v2\/pages\/1314\/revisions"}],"predecessor-version":[{"id":6103,"href":"https:\/\/www.jfs.de\/index.php?rest_route=\/wp\/v2\/pages\/1314\/revisions\/6103"}],"up":[{"embeddable":true,"href":"https:\/\/www.jfs.de\/index.php?rest_route=\/wp\/v2\/pages\/1307"}],"wp:attachment":[{"href":"https:\/\/www.jfs.de\/index.php?rest_route=%2Fwp%2Fv2%2Fmedia&parent=1314"}],"curies":[{"name":"wp","href":"https:\/\/api.w.org\/{rel}","templated":true}]}}